000
CDUS42 KMLB 272024
CLIMCO


CLIMATE REPORT
NATIONAL WEATHER SERVICE MELBOURNE FL
423 PM EDT SUN MAY 27 2018


...................................

...THE ORLANDO  CLIMATE SUMMARY FOR MAY 27 2018...
VALID TODAY AS OF 0400 PM LOCAL TIME.

CLIMATE NORMAL PERIOD 1981 TO 2010
CLIMATE RECORD PERIOD 1892 TO 2018


WEATHER ITEM   OBSERVED TIME   RECORD YEAR NORMAL DEPARTURE LAST
                VALUE   (LST)  VALUE       VALUE  FROM      YEAR
                                                  NORMAL
..................................................................
TEMPERATURE (F)
 TODAY
  MAXIMUM         84    201 PM 100    1962  90     -6       93
  MINIMUM         71   1233 AM  53    1979  69      2       57
  AVERAGE         78                        79     -1       75

PRECIPITATION (IN)
  TODAY            0.29          2.20 1938   0.17   0.12     0.00
  MONTH TO DATE    5.82                      2.74   3.08     2.08
  SINCE MAR 1      8.79                      9.19  -0.40     2.18
  SINCE JAN 1     11.25                     13.92  -2.67     5.11

SNOWFALL (IN)
  TODAY            0.0
  MONTH TO DATE    0.0
  SINCE MAR 1      0.0
  SINCE JUL 1      0.0

DEGREE DAYS
 HEATING
  TODAY            0                         0      0        0
  MONTH TO DATE    0                         0      0        0
  SINCE MAR 1     83                        71     12       40
  SINCE JUL 1    467                       570   -103      209

 COOLING
  TODAY           13                        14     -1       10
  MONTH TO DATE  323                       321      2      319
  SINCE MAR 1    664                       638     26      772
  SINCE JAN 1    911                       742    169      973
..................................................................


WIND (MPH)
  HIGHEST WIND SPEED    26   HIGHEST WIND DIRECTION    SE (130)
  HIGHEST GUST SPEED    32   HIGHEST GUST DIRECTION    SE (130)
  AVERAGE WIND SPEED    15.0


SKY COVER
  AVERAGE SKY COVER 1.0


WEATHER CONDITIONS
 THE FOLLOWING WEATHER WAS RECORDED TODAY.
  HEAVY RAIN
  LIGHT RAIN
  FOG
  HAZE


RELATIVE HUMIDITY (PERCENT)
 HIGHEST   100          1200 AM
 LOWEST     74          1200 PM
 AVERAGE    87

..........................................................


THE ORLANDO  CLIMATE NORMALS FOR TOMORROW
                         NORMAL    RECORD    YEAR
 MAXIMUM TEMPERATURE (F)   90        99      2000
                                             1924
                                             1908
 MINIMUM TEMPERATURE (F)   69        58      1901


SUNRISE AND SUNSET
MAY 27 2018...........SUNRISE   629 AM EDT   SUNSET   816 PM EDT
MAY 28 2018...........SUNRISE   629 AM EDT   SUNSET   816 PM EDT


-  INDICATES NEGATIVE NUMBERS.
R  INDICATES RECORD WAS SET OR TIED.
MM INDICATES DATA IS MISSING.
T  INDICATES TRACE AMOUNT.




$$
