000
CDUS44 KBRO 200626
CLIMFE


CLIMATE REPORT
NATIONAL WEATHER SERVICE BROWNSVILLE TX
126 AM CDT SUN MAY 20 2018


...................................

...THE MCALLEN CLIMATE SUMMARY FOR MAY 19 2018...

CLIMATE NORMAL PERIOD 1981 TO 2010
CLIMATE RECORD PERIOD 1961 TO 2018


WEATHER ITEM   OBSERVED TIME   RECORD YEAR NORMAL DEPARTURE LAST
                VALUE   (LST)  VALUE       VALUE  FROM      YEAR
                                                  NORMAL
..................................................................
TEMPERATURE (F)
 YESTERDAY
  MAXIMUM         97    221 PM 100    2003  92      5       99
  MINIMUM         79    604 AM  60    2009  73      6       79
  AVERAGE         88                        82      6

PRECIPITATION (IN)
  YESTERDAY        0.00          3.59 1980   0.07  -0.07     0.00
  MONTH TO DATE    0.18                      1.37  -1.19      T
  SINCE MAR 1      2.07                      3.74  -1.67     3.25
  SINCE JAN 1      3.27                      5.90  -2.63     4.88

SNOWFALL (IN)
  YESTERDAY        0.0
  MONTH TO DATE    0.0
  SINCE MAR 1      0.0
  SINCE JUL 1      0.3
  SNOW DEPTH       0

DEGREE DAYS
 HEATING
  YESTERDAY        0                         0      0        0
  MONTH TO DATE    0                         0      0        0
  SINCE MAR 1      0                        46    -46        1
  SINCE JUL 1    550                       579    -29      189

 COOLING
  YESTERDAY       23                        18      5       24
  MONTH TO DATE  369                       300     69      354
  SINCE MAR 1   1106                       872    234     1202
  SINCE JAN 1   1372                      1031    341     1683
..................................................................


WIND (MPH)
  HIGHEST WIND SPEED    28   HIGHEST WIND DIRECTION    SE (120)
  HIGHEST GUST SPEED    36   HIGHEST GUST DIRECTION    SE (130)
  AVERAGE WIND SPEED    18.6



WEATHER CONDITIONS
 THE FOLLOWING WEATHER WAS RECORDED YESTERDAY.
  NO SIGNIFICANT WEATHER WAS OBSERVED.


RELATIVE HUMIDITY (PERCENT)
 HIGHEST    85
 LOWEST     42
 AVERAGE    64

..........................................................


THE MCALLEN CLIMATE NORMALS FOR TODAY
                         NORMAL    RECORD    YEAR
 MAXIMUM TEMPERATURE (F)   93       100      2011
 MINIMUM TEMPERATURE (F)   73        62      1995


SUNRISE AND SUNSET
MAY 20 2018...........SUNRISE   644 AM CDT   SUNSET   815 PM CDT
MAY 21 2018...........SUNRISE   644 AM CDT   SUNSET   816 PM CDT


-  INDICATES NEGATIVE NUMBERS.
R  INDICATES RECORD WAS SET OR TIED.
MM INDICATES DATA IS MISSING.
T  INDICATES TRACE AMOUNT.




$$
