000
CDUS46 KMFR 200836
CLIMFR


CLIMATE REPORT
NATIONAL WEATHER SERVICE MEDFORD, OR
135 AM PDT FRI APR 20 2018


...................................

...THE MEDFORD OR CLIMATE SUMMARY FOR APRIL 19 2018...

CLIMATE NORMAL PERIOD 1981 TO 2010
CLIMATE RECORD PERIOD 1911 TO 2018


WEATHER ITEM   OBSERVED TIME   RECORD YEAR NORMAL DEPARTURE LAST
                VALUE   (LST)  VALUE       VALUE  FROM      YEAR
                                                  NORMAL
..................................................................
TEMPERATURE (F)
 YESTERDAY
  MAXIMUM         65    318 PM  90    1939  66     -1       61
  MINIMUM         34    537 AM  26    1972  41     -7       41
                                      1927
  AVERAGE         50                        53     -3       51

PRECIPITATION (IN)
  YESTERDAY        T             0.30 1925   0.04  -0.04     0.03
  MONTH TO DATE    0.74                      0.89  -0.15     0.58
  SINCE OCT 1      9.68                     14.68  -5.00    23.32
  SINCE JAN 1      5.07                      7.04  -1.97    11.63

SNOWFALL (IN)
  YESTERDAY       MM                         0.0   MM        0.0
  MONTH TO DATE    0.0                       0.1   -0.1      0.0
  SINCE JUL 1      4.2                       4.2    0.0     11.8
  SNOW DEPTH       0

DEGREE DAYS
 HEATING
  YESTERDAY       15                        12      3       14
  MONTH TO DATE  271                       252     19      254
  SINCE MAR 1    825                       770     55      723
  SINCE JUL 1   3918                      3884     34     3768

 COOLING
  YESTERDAY        0                         0      0        0
  MONTH TO DATE    0                         0      0        0
  SINCE MAR 1      0                         0      0        0
  SINCE JAN 1      0                         0      0        0
..................................................................


WIND (MPH)
  HIGHEST WIND SPEED    12   HIGHEST WIND DIRECTION     N (350)
  HIGHEST GUST SPEED    14   HIGHEST GUST DIRECTION     N (350)
  AVERAGE WIND SPEED     3.5


SKY COVER
  POSSIBLE SUNSHINE  MM
  AVERAGE SKY COVER 0.3


WEATHER CONDITIONS
 THE FOLLOWING WEATHER WAS RECORDED YESTERDAY.
  FOG
  HAZE


RELATIVE HUMIDITY (PERCENT)
 HIGHEST    92           600 AM
 LOWEST     34           500 PM
 AVERAGE    63

..........................................................


THE MEDFORD OR CLIMATE NORMALS FOR TODAY
                         NORMAL    RECORD    YEAR
 MAXIMUM TEMPERATURE (F)   66        90      2009
 MINIMUM TEMPERATURE (F)   41        25      1963


SUNRISE AND SUNSET
APRIL 20 2018.........SUNRISE   622 AM PDT   SUNSET   759 PM PDT
APRIL 21 2018.........SUNRISE   621 AM PDT   SUNSET   800 PM PDT


-  INDICATES NEGATIVE NUMBERS.
R  INDICATES RECORD WAS SET OR TIED.
MM INDICATES DATA IS MISSING.
T  INDICATES TRACE AMOUNT.




$$
