092
CDUS44 KBMX 210740
CLIMGM


CLIMATE REPORT
NATIONAL WEATHER SERVICE BIRMINGHAM, AL
239 AM CDT SAT APR 21 2018


...................................

...THE MONTGOMERY CLIMATE SUMMARY FOR APRIL 20 2018...

CLIMATE NORMAL PERIOD 1981 TO 2010
CLIMATE RECORD PERIOD 1872 TO 2018


WEATHER ITEM   OBSERVED TIME   RECORD YEAR NORMAL DEPARTURE LAST
                VALUE   (LST)  VALUE       VALUE  FROM      YEAR
                                                  NORMAL
..................................................................
TEMPERATURE (F)
 YESTERDAY
  MAXIMUM         73    359 PM  90    1994  78     -5       88
  MINIMUM         44    516 AM  38    2013  53     -9       63
                                      1953
  AVERAGE         59                        65     -6       76

PRECIPITATION (IN)
  YESTERDAY        0.00          3.25 1912   0.12  -0.12     0.00
  MONTH TO DATE    2.07                      2.90  -0.83     1.44
  SINCE MAR 1      5.25                      8.85  -3.60     5.16
  SINCE JAN 1     14.24                     18.78  -4.54    19.86

SNOWFALL (IN)
  YESTERDAY        0.0                       0.0    0.0      0.0
  MONTH TO DATE    0.0                       0.0    0.0      0.0
  SINCE MAR 1      0.0                       0.3   -0.3      0.0
  SINCE JUL 1      T                         0.4   -0.4      0.0
  SNOW DEPTH       0

DEGREE DAYS
 HEATING
  YESTERDAY        6                         3      3        0
  MONTH TO DATE   96                        81     15       23
  SINCE MAR 1    344                       336      8      192
  SINCE JUL 1   2023                      2208   -185     1189

 COOLING
  YESTERDAY        0                         3     -3       11
  MONTH TO DATE   23                        38    -15      105
  SINCE MAR 1     60                        61     -1      186
  SINCE JAN 1    125                        67     58      232
..................................................................


WIND (MPH)
  HIGHEST WIND SPEED    21   HIGHEST WIND DIRECTION     E (70)
  HIGHEST GUST SPEED    26   HIGHEST GUST DIRECTION     E (70)
  AVERAGE WIND SPEED     7.5


SKY COVER
  AVERAGE SKY COVER 0.0


WEATHER CONDITIONS
 THE FOLLOWING WEATHER WAS RECORDED YESTERDAY.
  NO SIGNIFICANT WEATHER WAS OBSERVED.


RELATIVE HUMIDITY (PERCENT)
 HIGHEST    76           500 AM
 LOWEST     31           200 PM
 AVERAGE    54

..........................................................


THE MONTGOMERY CLIMATE NORMALS FOR TODAY
                         NORMAL    RECORD    YEAR
 MAXIMUM TEMPERATURE (F)   78        91      1987
 MINIMUM TEMPERATURE (F)   53        35      1953


SUNRISE AND SUNSET
APRIL 21 2018.........SUNRISE   610 AM CDT   SUNSET   719 PM CDT
APRIL 22 2018.........SUNRISE   608 AM CDT   SUNSET   720 PM CDT


-  INDICATES NEGATIVE NUMBERS.
R  INDICATES RECORD WAS SET OR TIED.
MM INDICATES DATA IS MISSING.
T  INDICATES TRACE AMOUNT.




$$
