000
CDUS43 KTOP 230635
CLIMHK


CLIMATE REPORT
NATIONAL WEATHER SERVICE TOPEKA KS
134 AM CDT MON APR 23 2018


...................................

...THE MANHATTAN KS CLIMATE SUMMARY FOR APRIL 22 2018...

CLIMATE NORMAL PERIOD 1981 TO 2010
CLIMATE RECORD PERIOD 9999 TO 9999


WEATHER ITEM   OBSERVED NORMAL DEPARTURE LAST
                VALUE   VALUE  FROM      YEAR
                               NORMAL
...............................................
TEMPERATURE (F)
 YESTERDAY
  MAXIMUM         67     69     -2       66
  MINIMUM         45     43      2       39
  AVERAGE         56     56      0       53

PRECIPITATION (IN)
  YESTERDAY        0.00   0.11  -0.11      T
  MONTH TO DATE    T      1.80  -1.80     3.15
  SINCE MAR 1      0.33   4.00  -3.67     7.22
  SINCE JAN 1      0.91   5.72  -4.81     9.02

DEGREE DAYS
 HEATING
  YESTERDAY        9     10     -1       12
  MONTH TO DATE  443    280    163      173
  SINCE MAR 1   1022    956     66      682
  SINCE JUL 1   4825   5116   -291     3966

 COOLING
  YESTERDAY        0      1     -1        0
  MONTH TO DATE    3     11     -8       38
  SINCE MAR 1      3     13    -10       44
  SINCE JAN 1      3     13    -10       44
...............................................


WIND (MPH)
  HIGHEST WIND SPEED    17   HIGHEST WIND DIRECTION    NE (40)
  HIGHEST GUST SPEED    24   HIGHEST GUST DIRECTION    NE (40)
  AVERAGE WIND SPEED     7.0


SKY COVER
  AVERAGE SKY COVER 0.8


WEATHER CONDITIONS
 THE FOLLOWING WEATHER WAS RECORDED YESTERDAY.
  NO SIGNIFICANT WEATHER WAS OBSERVED.


RELATIVE HUMIDITY (PERCENT)
 HIGHEST    86
 LOWEST     44
 AVERAGE    65

..........................................................


THE MANHATTAN KS CLIMATE NORMALS FOR TODAY
                         NORMAL
 MAXIMUM TEMPERATURE (F)   69
 MINIMUM TEMPERATURE (F)   44


SUNRISE AND SUNSET
APRIL 23 2018.........SUNRISE   639 AM CDT   SUNSET   812 PM CDT
APRIL 24 2018.........SUNRISE   637 AM CDT   SUNSET   813 PM CDT


-  INDICATES NEGATIVE NUMBERS.
R  INDICATES RECORD WAS SET OR TIED.
MM INDICATES DATA IS MISSING.
T  INDICATES TRACE AMOUNT.




$$
