000
CDUS46 KMFR 230036
CLIMHS


CLIMATE REPORT
NATIONAL WEATHER SERVICE MEDFORD, OR
536 PM PDT SUN APR 22 2018


...................................

...THE MT SHASTA CITY CA CLIMATE SUMMARY FOR APRIL 22 2018...
VALID TODAY AS OF 0500 PM LOCAL TIME.

CLIMATE NORMAL PERIOD 1981 TO 2010
CLIMATE RECORD PERIOD 1908 TO 2018


WEATHER ITEM   OBSERVED TIME   RECORD YEAR NORMAL DEPARTURE LAST
                VALUE   (LST)  VALUE       VALUE  FROM      YEAR
                                                  NORMAL
..................................................................
TEMPERATURE (F)
 TODAY
  MAXIMUM         69    249 PM  81    2012  62      7       62
                                      2009
  MINIMUM         40    350 AM  23    1961  34      6       43
  AVERAGE         55                        48      7       53

PRECIPITATION (IN)
  TODAY            0.00          0.83 1917   0.09  -0.09     0.01
  MONTH TO DATE    2.15                      2.27  -0.12     8.42
  SINCE OCT 1     18.10                     37.73 -19.63    57.88
  SINCE JAN 1     12.27                     22.52 -10.25    36.72

SNOWFALL (IN)
  TODAY           MM                         0.1   MM       MM
  MONTH TO DATE   MM                         4.8   MM       MM
  SINCE JUL 1     MM                        90.9   MM       MM
  SNOW DEPTH      MM

DEGREE DAYS
 HEATING
  TODAY           10                        17     -7       12
  MONTH TO DATE  399                       412    -13      430
  SINCE MAR 1   1175                      1116     59     1059
  SINCE JUL 1   4773                      5091   -318     4956

 COOLING
  TODAY            0                         0      0        0
  MONTH TO DATE    0                         0      0        0
  SINCE MAR 1      0                         0      0        0
  SINCE JAN 1      0                         0      0        0
..................................................................


WIND (MPH)
  HIGHEST WIND SPEED    13   HIGHEST WIND DIRECTION    NW (300)
  HIGHEST GUST SPEED    24   HIGHEST GUST DIRECTION    NW (330)
  AVERAGE WIND SPEED     5.4


SKY COVER
  POSSIBLE SUNSHINE  MM
  AVERAGE SKY COVER 0.0


WEATHER CONDITIONS
 THE FOLLOWING WEATHER WAS RECORDED TODAY.
  NO SIGNIFICANT WEATHER WAS OBSERVED.


RELATIVE HUMIDITY (PERCENT)
 HIGHEST    70           200 AM
 LOWEST     16           300 PM

..........................................................


THE MT SHASTA CITY CA CLIMATE NORMALS FOR TOMORROW
                         NORMAL    RECORD    YEAR
 MAXIMUM TEMPERATURE (F)   63        82      1946
 MINIMUM TEMPERATURE (F)   35        22      1920


SUNRISE AND SUNSET
APRIL 22 2018.........SUNRISE   619 AM PDT   SUNSET   757 PM PDT
APRIL 23 2018.........SUNRISE   618 AM PDT   SUNSET   758 PM PDT


-  INDICATES NEGATIVE NUMBERS.
R  INDICATES RECORD WAS SET OR TIED.
MM INDICATES DATA IS MISSING.
T  INDICATES TRACE AMOUNT.




$$
