477
CDUS42 KMFL 220824
CLIMIA


CLIMATE REPORT
NATIONAL WEATHER SERVICE MIAMI, FL
424 AM EDT SUN APR 22 2018


...................................

...THE MIAMI CLIMATE SUMMARY FOR APRIL 21 2018...

CLIMATE NORMAL PERIOD 1981 TO 2010
CLIMATE RECORD PERIOD 1895 TO 2018


WEATHER ITEM   OBSERVED TIME   RECORD YEAR NORMAL DEPARTURE LAST
                VALUE   (LST)  VALUE       VALUE  FROM      YEAR
                                                  NORMAL
..................................................................
TEMPERATURE (F)
 YESTERDAY
  MAXIMUM         84    321 PM  90    1988  84      0       82
                                      1935
                                      1908
  MINIMUM         72    602 AM  49    1901  69      3       73
  AVERAGE         78                        76      2       78

PRECIPITATION (IN)
  YESTERDAY        0.00          1.52 1976   0.12  -0.12     0.00
  MONTH TO DATE    1.28                      2.22  -0.94     0.08
  SINCE NOV 1      7.92                     14.40  -6.48    11.98
  SINCE JAN 1      2.85                      9.09  -6.24     8.71

SNOWFALL (IN)
  YESTERDAY        0.0
  MONTH TO DATE    0.0
  SINCE MAR 1      0.0
  SINCE JUL 1      0.0
  SNOW DEPTH       0

DEGREE DAYS
 HEATING
  YESTERDAY        0                         0      0        0
  MONTH TO DATE    0                         0      0        0
  SINCE MAR 1      7                        11     -4        3
  SINCE JUL 1     85                       127    -42       17

 COOLING
  YESTERDAY       13                        11      2       13
  MONTH TO DATE  254                       214     40      258
  SINCE MAR 1    446                       461    -15      529
  SINCE JAN 1    927                       783    144     1023
..................................................................


WIND (MPH)
  HIGHEST WIND SPEED    16   HIGHEST WIND DIRECTION     E (80)
  HIGHEST GUST SPEED    21   HIGHEST GUST DIRECTION     E (90)
  AVERAGE WIND SPEED     8.7


SKY COVER
  POSSIBLE SUNSHINE  MM
  AVERAGE SKY COVER 0.5


WEATHER CONDITIONS
 THE FOLLOWING WEATHER WAS RECORDED YESTERDAY.
  NO SIGNIFICANT WEATHER WAS OBSERVED.


RELATIVE HUMIDITY (PERCENT)
 HIGHEST    82
 LOWEST     51
 AVERAGE    67

..........................................................


THE MIAMI CLIMATE NORMALS FOR TODAY
                         NORMAL    RECORD    YEAR
 MAXIMUM TEMPERATURE (F)   84        91      1908
 MINIMUM TEMPERATURE (F)   69        45      1940


SUNRISE AND SUNSET
APRIL 22 2018.........SUNRISE   652 AM EDT   SUNSET   748 PM EDT
APRIL 23 2018.........SUNRISE   651 AM EDT   SUNSET   748 PM EDT


-  INDICATES NEGATIVE NUMBERS.
R  INDICATES RECORD WAS SET OR TIED.
MM INDICATES DATA IS MISSING.
T  INDICATES TRACE AMOUNT.




$$
