000
CDUS43 KMKX 210709
CLIMKE


CLIMATE REPORT
NATIONAL WEATHER SERVICE IN MILWAUKEE
205 AM CDT MON MAY 21 2018


...................................

...THE MILWAUKEE WI CLIMATE SUMMARY FOR MAY 20 2018...

CLIMATE NORMAL PERIOD 1981 TO 2010
CLIMATE RECORD PERIOD 1871 TO 2018


WEATHER ITEM   OBSERVED TIME   RECORD YEAR NORMAL DEPARTURE LAST
                VALUE   (LST)  VALUE       VALUE  FROM      YEAR
                                                  NORMAL
..................................................................
TEMPERATURE (F)
 YESTERDAY
  MAXIMUM         49    607 PM  92    1934  66    -17       54
  MINIMUM         43   1021 PM  34    1895  48     -5       46
                                      1883
  AVERAGE         46                        57    -11       50

PRECIPITATION (IN)
  YESTERDAY        0.28          1.60 1876   0.12   0.16     0.40
  MONTH TO DATE    5.75                      2.12   3.63     1.62
  SINCE MAR 1      9.52                      7.95   1.57    11.57
  SINCE JAN 1     14.34                     11.36   2.98    15.58

SNOWFALL (IN)
  YESTERDAY        0.0           0.0    MM   0.0    0.0      0.0
  MONTH TO DATE    0.0                       0.1   -0.1      0.0
  SINCE MAR 1     14.0                       9.1    4.9     13.6
  SINCE JUL 1     46.7                      46.9   -0.2     37.6
  SNOW DEPTH       0

DEGREE DAYS
 HEATING
  YESTERDAY       19                         9     10       15
  MONTH TO DATE  162                       232    -70      259
  SINCE MAR 1   1862                      1749    113     1564
  SINCE JUL 1   6474                      6729   -255     5563

 COOLING
  YESTERDAY        0                         1     -1        0
  MONTH TO DATE   24                        10     14       15
  SINCE MAR 1     24                        15      9       18
  SINCE JAN 1     24                        15      9       18
..................................................................


WIND (MPH)
  HIGHEST WIND SPEED    22   HIGHEST WIND DIRECTION     N (20)
  HIGHEST GUST SPEED    32   HIGHEST GUST DIRECTION     N (10)
  AVERAGE WIND SPEED    11.1


SKY COVER
  POSSIBLE SUNSHINE  MM
  AVERAGE SKY COVER 0.9


WEATHER CONDITIONS
 THE FOLLOWING WEATHER WAS RECORDED YESTERDAY.
  RAIN
  LIGHT RAIN
  FOG


RELATIVE HUMIDITY (PERCENT)
 HIGHEST    96          1100 AM
 LOWEST     71           500 PM
 AVERAGE    84

..........................................................


THE MILWAUKEE WI CLIMATE NORMALS FOR TODAY
                         NORMAL    RECORD    YEAR
 MAXIMUM TEMPERATURE (F)   67        89      1934
                                             1921
 MINIMUM TEMPERATURE (F)   48        32      1883


SUNRISE AND SUNSET
MAY 21 2018...........SUNRISE   523 AM CDT   SUNSET   814 PM CDT
MAY 22 2018...........SUNRISE   522 AM CDT   SUNSET   815 PM CDT


-  INDICATES NEGATIVE NUMBERS.
R  INDICATES RECORD WAS SET OR TIED.
MM INDICATES DATA IS MISSING.
T  INDICATES TRACE AMOUNT.




$$
