000
CDUS44 KMEG 200635
CLIMKL


CLIMATE REPORT
NATIONAL WEATHER SERVICE MEMPHIS TN
134 AM CDT SUN MAY 20 2018


...................................

...THE JACKSON CLIMATE SUMMARY FOR MAY 19 2018...

CLIMATE NORMAL PERIOD 1981 TO 2010
CLIMATE RECORD PERIOD 1948 TO 2018


WEATHER ITEM   OBSERVED TIME   RECORD YEAR NORMAL DEPARTURE LAST
                VALUE   (LST)  VALUE       VALUE  FROM      YEAR
                                                  NORMAL
..................................................................
TEMPERATURE (F)
 YESTERDAY
  MAXIMUM         87   1150 AM  92    1974  81      6       86
                                      1964
                                      1962
  MINIMUM         65    522 AM  38    2007  58      7       73
                                      2002
  AVERAGE         76                        69      7       80

PRECIPITATION (IN)
  YESTERDAY        0.08          0.79 1997   0.17  -0.09     0.00
  MONTH TO DATE    1.98                      3.54  -1.56     1.23
  SINCE MAR 1     13.31                     13.15   0.16    14.68
  SINCE JAN 1     32.02                     21.39  10.63    19.51

DEGREE DAYS
 HEATING
  YESTERDAY        0                         1     -1        0
  MONTH TO DATE    1                        38    -37       39
  SINCE MAR 1    754                       680     74      477
  SINCE JUL 1   3497                      3564    -67     2517

 COOLING
  YESTERDAY       11                         6      5       15
  MONTH TO DATE  170                        76     94       84
  SINCE MAR 1    185                       134     51      186
  SINCE JAN 1    203                       135     68      188
..................................................................


WIND (MPH)
  HIGHEST WIND SPEED    17   HIGHEST WIND DIRECTION    NW (310)
  HIGHEST GUST SPEED    23   HIGHEST GUST DIRECTION    NW (300)
  AVERAGE WIND SPEED     5.2


SKY COVER
  POSSIBLE SUNSHINE  MM
  AVERAGE SKY COVER 0.2


WEATHER CONDITIONS
 THE FOLLOWING WEATHER WAS RECORDED YESTERDAY.
  THUNDERSTORM
  LIGHT RAIN
  FOG


RELATIVE HUMIDITY (PERCENT)
 HIGHEST   100          1200 AM
 LOWEST     57          1200 PM
 AVERAGE    79

..........................................................


THE JACKSON CLIMATE NORMALS FOR TODAY
                         NORMAL    RECORD    YEAR
 MAXIMUM TEMPERATURE (F)   81        93      1964
 MINIMUM TEMPERATURE (F)   58        41      2007


SUNRISE AND SUNSET
MAY 20 2018...........SUNRISE   547 AM CDT   SUNSET   758 PM CDT
MAY 21 2018...........SUNRISE   547 AM CDT   SUNSET   758 PM CDT


-  INDICATES NEGATIVE NUMBERS.
R  INDICATES RECORD WAS SET OR TIED.
MM INDICATES DATA IS MISSING.
T  INDICATES TRACE AMOUNT.




$$
