000
CDUS45 KBYZ 262221
CLIMLS


CLIMATE REPORT
NATIONAL WEATHER SERVICE BILLINGS MT
421 PM MDT THU APR 26 2018


...................................

...THE MILES CITY MT CLIMATE SUMMARY FOR APRIL 26 2018...
VALID TODAY AS OF 0400 PM LOCAL TIME.

CLIMATE NORMAL PERIOD 1981 TO 2010
CLIMATE RECORD PERIOD 1937 TO 2018


WEATHER ITEM   OBSERVED TIME   RECORD YEAR NORMAL DEPARTURE LAST
                VALUE   (LST)  VALUE       VALUE  FROM      YEAR
                                                  NORMAL
..................................................................
TEMPERATURE (F)
 TODAY
  MAXIMUM         66    254 PM  88    1952  63      3       49
  MINIMUM         36    442 AM  20    1995  37     -1       34
  AVERAGE         51                        50      1       42

PRECIPITATION (IN)
  TODAY            0.00          0.97 1990   0.05  -0.05     0.00
  MONTH TO DATE    2.44                      1.12   1.32     0.95
  SINCE OCT 1      5.04                      3.87   1.17     3.07
  SINCE JAN 1      3.85                      2.27   1.58     1.98

DEGREE DAYS
 HEATING
  TODAY           14                        16     -2       23
  MONTH TO DATE  680                       512    168      423
  SINCE MAR 1   1866                      1453    413     1225
  SINCE JUL 1   8132                      7187    945     6777

 COOLING
  TODAY            0                         0      0        0
  MONTH TO DATE    0                         0      0        0
  SINCE MAR 1      0                         0      0        0
  SINCE JAN 1      0                         0      0        0
..................................................................


WIND (MPH)
  HIGHEST WIND SPEED    20   HIGHEST WIND DIRECTION     W (290)
  HIGHEST GUST SPEED    25   HIGHEST GUST DIRECTION     W (260)
  AVERAGE WIND SPEED     9.7


SKY COVER
  POSSIBLE SUNSHINE  MM
  AVERAGE SKY COVER 0.0


WEATHER CONDITIONS
 THE FOLLOWING WEATHER WAS RECORDED TODAY.
  NO SIGNIFICANT WEATHER WAS OBSERVED.


RELATIVE HUMIDITY (PERCENT)
 HIGHEST    85           200 AM
 LOWEST     30           100 PM
 AVERAGE    58

..........................................................


THE MILES CITY MT CLIMATE NORMALS FOR TOMORROW
                         NORMAL    RECORD    YEAR
 MAXIMUM TEMPERATURE (F)   63        85      2004
                                             2001
                                             1992
 MINIMUM TEMPERATURE (F)   37        20      1956


SUNRISE AND SUNSET
APRIL 26 2018.........SUNRISE   557 AM MDT   SUNSET   806 PM MDT
APRIL 27 2018.........SUNRISE   556 AM MDT   SUNSET   807 PM MDT


-  INDICATES NEGATIVE NUMBERS.
R  INDICATES RECORD WAS SET OR TIED.
MM INDICATES DATA IS MISSING.
T  INDICATES TRACE AMOUNT.




$$
