000
CDUS41 KLWX 202127
CLIMRB


CLIMATE REPORT
NATIONAL WEATHER SERVICE BALTIMORE MD/WASHINGTON DC
526 PM EDT SUN MAY 20 2018


...................................

...THE MARTINSBURG WV CLIMATE SUMMARY FOR MAY 20 2018...
VALID TODAY AS OF 0500 PM LOCAL TIME.

CLIMATE NORMAL PERIOD 1981 TO 2010
CLIMATE RECORD PERIOD 1926 TO 2018


WEATHER ITEM   OBSERVED TIME   NORMAL DEPARTURE LAST
                VALUE   (LST)  VALUE  FROM      YEAR
                                      NORMAL
......................................................
TEMPERATURE (F)
 TODAY
  MAXIMUM         87    346 PM  74     13       69
  MINIMUM         58    536 AM  51      7       59
  AVERAGE         73            62     11       64

PRECIPITATION (IN)
  TODAY            T             0.13  -0.13     0.00
  MONTH TO DATE    5.75          2.64   3.11     4.58
  SINCE MAR 1     11.19          9.50   1.69    10.08
  SINCE JAN 1     17.38         14.28   3.10    14.46

DEGREE DAYS
 HEATING
  TODAY            0             5     -5        1
  MONTH TO DATE   35           131    -96      140
  SINCE MAR 1   1312          1232     80     1024
  SINCE JUL 1   4877          5188   -311     4102

 COOLING
  TODAY            8             2      6        0
  MONTH TO DATE   70            24     46       38
  SINCE MAR 1     86            33     53       93
  SINCE JAN 1     91            33     58       93
......................................................


WIND (MPH)
  HIGHEST WIND SPEED    18   HIGHEST WIND DIRECTION     W (260)
  HIGHEST GUST SPEED    23   HIGHEST GUST DIRECTION     W (270)
  AVERAGE WIND SPEED     6.2


SKY COVER
  POSSIBLE SUNSHINE  MM
  AVERAGE SKY COVER 0.5


WEATHER CONDITIONS
 THE FOLLOWING WEATHER WAS RECORDED TODAY.
  FOG
  FOG W/VISIBILITY <= 1/4 MILE


RELATIVE HUMIDITY (PERCENT)
 HIGHEST   100          1200 AM
 LOWEST     40           300 PM
 AVERAGE    70

..........................................................


THE MARTINSBURG WV CLIMATE NORMALS FOR TOMORROW
                         NORMAL
 MAXIMUM TEMPERATURE (F)   74
 MINIMUM TEMPERATURE (F)   51


SUNRISE AND SUNSET
MAY 20 2018...........SUNRISE   554 AM EDT   SUNSET   823 PM EDT
MAY 21 2018...........SUNRISE   553 AM EDT   SUNSET   824 PM EDT


-  INDICATES NEGATIVE NUMBERS.
R  INDICATES RECORD WAS SET OR TIED.
MM INDICATES DATA IS MISSING.
T  INDICATES TRACE AMOUNT.




$$
