000
CDUS43 KMKX 202144
CLIMSN


CLIMATE REPORT
NATIONAL WEATHER SERVICE IN MILWAUKEE
443 PM CDT FRI APR 20 2018


...................................

...THE MADISON WI CLIMATE SUMMARY FOR APRIL 20 2018...
VALID TODAY AS OF 0400 PM LOCAL TIME.

CLIMATE NORMAL PERIOD 1981 TO 2010
CLIMATE RECORD PERIOD 1871 TO 2018


WEATHER ITEM   OBSERVED TIME   RECORD YEAR NORMAL DEPARTURE LAST
                VALUE   (LST)  VALUE       VALUE  FROM      YEAR
                                                  NORMAL
..................................................................
TEMPERATURE (F)
 TODAY
  MAXIMUM         57    254 PM  85    1987  59     -2       57
  MINIMUM         22    443 AM  21    1962  38    -16       41
                                      1956
  AVERAGE         40                        48     -8       49

PRECIPITATION (IN)
  TODAY            0.00          1.36 1973   0.12  -0.12     0.40
  MONTH TO DATE    2.12                      2.25  -0.13     2.98
  SINCE MAR 1      2.86                      4.45  -1.59     5.81
  SINCE JAN 1      7.04                      7.13  -0.09    10.51

SNOWFALL (IN)
  TODAY            0.0           2.7  1993   0.1   -0.1      0.0
  MONTH TO DATE   13.5                       2.2   11.3       T
  SINCE MAR 1     16.9                       9.2    7.7      8.3
  SINCE JUL 1     44.4                      50.3   -5.9     44.0
  SNOW DEPTH       2

DEGREE DAYS
 HEATING
  TODAY           25                        17      8       16
  MONTH TO DATE  662                       411    251      283
  SINCE MAR 1   1655                      1374    281     1232
  SINCE JUL 1   6930                      6860     70     5744

 COOLING
  TODAY            0                         0      0        0
  MONTH TO DATE    0                         0      0        0
  SINCE MAR 1      0                         0      0        0
  SINCE JAN 1      0                         0      0        0
..................................................................


WIND (MPH)
  HIGHEST WIND SPEED     8   HIGHEST WIND DIRECTION     W (290)
  HIGHEST GUST SPEED    11   HIGHEST GUST DIRECTION     W (280)
  AVERAGE WIND SPEED     1.4


SKY COVER
  POSSIBLE SUNSHINE  MM
  AVERAGE SKY COVER 0.4


WEATHER CONDITIONS
 THE FOLLOWING WEATHER WAS RECORDED TODAY.
  NO SIGNIFICANT WEATHER WAS OBSERVED.


RELATIVE HUMIDITY (PERCENT)
 HIGHEST    96           400 AM
 LOWEST     22          1200 PM
 AVERAGE    59

..........................................................


THE MADISON WI CLIMATE NORMALS FOR TOMORROW
                         NORMAL    RECORD    YEAR
 MAXIMUM TEMPERATURE (F)   60        84      1980
 MINIMUM TEMPERATURE (F)   38        21      1981


SUNRISE AND SUNSET
APRIL 20 2018.........SUNRISE   607 AM CDT   SUNSET   746 PM CDT
APRIL 21 2018.........SUNRISE   606 AM CDT   SUNSET   747 PM CDT


-  INDICATES NEGATIVE NUMBERS.
R  INDICATES RECORD WAS SET OR TIED.
MM INDICATES DATA IS MISSING.
T  INDICATES TRACE AMOUNT.




$$
