000
CDUS45 KBOI 190939
CLIMYL


CLIMATE REPORT
NATIONAL WEATHER SERVICE BOISE ID
338 AM MDT THU APR 19 2018


...................................

...THE MCCALL ID CLIMATE SUMMARY FOR APRIL 18 2018...

CLIMATE NORMAL PERIOD 1981 TO 2010
CLIMATE RECORD PERIOD 1930 TO 2018


WEATHER ITEM   OBSERVED TIME   RECORD YEAR NORMAL DEPARTURE LAST
                VALUE   (LST)  VALUE       VALUE  FROM      YEAR
                                                  NORMAL
..................................................................
TEMPERATURE (F)
 YESTERDAY
  MAXIMUM         50    317 PM  79    1994  49      1       50
  MINIMUM         20    607 AM   4    1922  26     -6       33
  AVERAGE         35                        37     -2       42

PRECIPITATION (IN)
  YESTERDAY        0.00          0.70 1965   0.05  -0.05     0.28
  MONTH TO DATE    2.55                      1.18   1.37     2.32
  SINCE OCT 1     18.13                     13.03   5.10    24.99
  SINCE JAN 1     11.28                      6.85   4.43    16.50

DEGREE DAYS
 HEATING
  YESTERDAY       30                        28      2       23
  MONTH TO DATE  522                       540    -18      503
  SINCE MAR 1   1615                      1654    -39     1459
  SINCE JUL 1   7458                      8329   -871     7662

 COOLING
  YESTERDAY        0                         0      0        0
  MONTH TO DATE    0                         0      0        0
  SINCE MAR 1      0                         0      0        0
  SINCE JAN 1      0                         0      0        0
..................................................................


WIND (MPH)
  HIGHEST WIND SPEED    10   HIGHEST WIND DIRECTION     N (350)
  HIGHEST GUST SPEED    15   HIGHEST GUST DIRECTION    SE (130)
  AVERAGE WIND SPEED     3.5


SKY COVER
  AVERAGE SKY COVER 0.3


WEATHER CONDITIONS
 THE FOLLOWING WEATHER WAS RECORDED YESTERDAY.
  NO SIGNIFICANT WEATHER WAS OBSERVED.


RELATIVE HUMIDITY (PERCENT)
 HIGHEST    88           700 AM
 LOWEST     26           600 PM
 AVERAGE    57

..........................................................


THE MCCALL ID CLIMATE NORMALS FOR TODAY
                         NORMAL    RECORD    YEAR
 MAXIMUM TEMPERATURE (F)   50        79      1994
 MINIMUM TEMPERATURE (F)   26         1      1927


SUNRISE AND SUNSET
APRIL 19 2018.........SUNRISE   653 AM MDT   SUNSET   835 PM MDT
APRIL 20 2018.........SUNRISE   651 AM MDT   SUNSET   836 PM MDT


-  INDICATES NEGATIVE NUMBERS.
R  INDICATES RECORD WAS SET OR TIED.
MM INDICATES DATA IS MISSING.
T  INDICATES TRACE AMOUNT.




$$
