000
CDUS46 KMTR 250032
CLINUQ


CLIMATE REPORT
NATIONAL WEATHER SERVICE SAN FRANCISCO BAY AREA
531 PM PDT TUE APR 24 2018


...................................

...THE MOFFETT FIELD CLIMATE SUMMARY FOR APRIL 24 2018...
VALID TODAY AS OF 0500 PM LOCAL TIME.

CLIMATE NORMAL PERIOD 1981 TO 2010
CLIMATE RECORD PERIOD 1945 TO 2018


WEATHER ITEM   OBSERVED TIME   RECORD YEAR NORMAL DEPARTURE LAST
                VALUE   (LST)  VALUE       VALUE  FROM      YEAR
                                                  NORMAL
..................................................................
TEMPERATURE (F)
 TODAY
  MAXIMUM         67    329 PM  84    2004  70     -3       64
  MINIMUM         54    101 AM  38    1960  50      4       53
  AVERAGE         61                        60      1       59

PRECIPITATION (IN)
  TODAY            0.00          0.26 1951   0.03  -0.03      T
  MONTH TO DATE    0.85                      0.82   0.03     1.33
  SINCE OCT 1      8.20                     13.74  -5.54    18.13
  SINCE JAN 1      6.25                      8.90  -2.65    13.56

DEGREE DAYS
 HEATING
  TODAY            4                                         6
  MONTH TO DATE  142                                       147
  SINCE MAR 1    449                                       380
  SINCE JUL 1   1860                                      1908

 COOLING
  TODAY            0                                         0
  MONTH TO DATE    3                                         0
  SINCE MAR 1      5                                         0
  SINCE JAN 1      5                                         0
..................................................................


WIND (MPH)
  RESULTANT WIND SPEED   4   RESULTANT WIND DIRECTION   N (350)
  HIGHEST WIND SPEED    14   HIGHEST WIND DIRECTION     N (350)
  HIGHEST GUST SPEED    19   HIGHEST GUST DIRECTION     N (350)
  AVERAGE WIND SPEED     4.7


SKY COVER
  POSSIBLE SUNSHINE  MM
  AVERAGE SKY COVER 0.5


WEATHER CONDITIONS
 THE FOLLOWING WEATHER WAS RECORDED TODAY.
  FOG
  HAZE


RELATIVE HUMIDITY (PERCENT)
 HIGHEST    93          1200 AM
 LOWEST     63           300 PM
 AVERAGE    78

..........................................................


THE MOFFETT FIELD CLIMATE NORMALS FOR TOMORROW
                         NORMAL    RECORD    YEAR
 MAXIMUM TEMPERATURE (F)   70        88      2004
 MINIMUM TEMPERATURE (F)   51        38      1958


SUNRISE AND SUNSET
APRIL 24 2018.........SUNRISE   621 AM PDT   SUNSET   752 PM PDT
APRIL 25 2018.........SUNRISE   620 AM PDT   SUNSET   753 PM PDT


-  INDICATES NEGATIVE NUMBERS.
R  INDICATES RECORD WAS SET OR TIED.
MM INDICATES DATA IS MISSING.
T  INDICATES TRACE AMOUNT.




$$
