000
CDUS45 KPSR 240804
CLINYL

CLIMATE REPORT
NATIONAL WEATHER SERVICE PHOENIX AZ
103 AM MST THU MAY 24 2018

...................................

...THE YUMA AZ CLIMATE SUMMARY FOR MAY 23 2018...

CLIMATE NORMAL PERIOD 1981 TO 2010
CLIMATE RECORD PERIOD 1876 TO 2018


WEATHER ITEM   OBSERVED TIME   RECORD YEAR NORMAL DEPARTURE LAST
                VALUE   (LST)  VALUE       VALUE  FROM      YEAR
                                                  NORMAL
..................................................................
TEMPERATURE (F)
 YESTERDAY
  MAXIMUM         92    414 PM 111    2001  97     -5      109
  MINIMUM         66    511 AM  52    1912  69     -3       75
  AVERAGE         79                        83     -4       92

PRECIPITATION (IN)
  YESTERDAY        0.00          0.03 2008   0.00   0.00     0.00
  MONTH TO DATE    0.00                      0.06  -0.06     0.14
  SINCE OCT 1      0.25                      2.24  -1.99     2.65
  SINCE JAN 1      0.18                      1.30  -1.12     1.70

DEGREE DAYS
 HEATING
  YESTERDAY        0                         0      0        0
  MONTH TO DATE    0                         0      0        0
  SINCE MAR 1     47                        63    -16       13
  SINCE JUL 1    406                       686   -280      526

 COOLING
  YESTERDAY       14                        18     -4       27
  MONTH TO DATE  334                       352    -18      303
  SINCE MAR 1    778                       722     56      866
  SINCE JAN 1    830                       758     72      907
..................................................................


WIND (MPH)
  HIGHEST WIND SPEED    15   HIGHEST WIND DIRECTION     S (170)
  HIGHEST GUST SPEED    19   HIGHEST GUST DIRECTION     S (190)
  AVERAGE WIND SPEED     7.8


SKY COVER
  AVERAGE SKY COVER 0.0


WEATHER CONDITIONS
 THE FOLLOWING WEATHER WAS RECORDED YESTERDAY.
  HAZE


RELATIVE HUMIDITY (PERCENT)
 HIGHEST    73
 LOWEST     16
 AVERAGE    45

..........................................................


THE YUMA AZ CLIMATE NORMALS FOR TODAY
                         NORMAL    RECORD    YEAR
 MAXIMUM TEMPERATURE (F)   98       109      2017
                                             2001
                                             1983
 MINIMUM TEMPERATURE (F)   69        52      2010
                                             1909


SUNRISE AND SUNSET
MAY 24 2018...........SUNRISE   535 AM MST   SUNSET   736 PM MST
MAY 25 2018...........SUNRISE   534 AM MST   SUNSET   737 PM MST


-  INDICATES NEGATIVE NUMBERS.
R  INDICATES RECORD WAS SET OR TIED.
MM INDICATES DATA IS MISSING.
T  INDICATES TRACE AMOUNT.

$$
