000
CDUS43 KGID 262228
CLIODX


CLIMATE REPORT
NATIONAL WEATHER SERVICE HASTINGS NE
527 PM CDT THU APR 26 2018


...................................

...THE ORD NE CLIMATE SUMMARY FOR APRIL 26 2018...
VALID TODAY AS OF 0500 PM LOCAL TIME.

CLIMATE NORMAL PERIOD 1981 TO 2010
CLIMATE RECORD PERIOD 1895 TO 2018


WEATHER ITEM   OBSERVED TIME   NORMAL DEPARTURE LAST
                VALUE   (LST)  VALUE  FROM      YEAR
                                      NORMAL
......................................................
TEMPERATURE (F)
 TODAY
  MAXIMUM         63    334 PM  65     -2       44
  MINIMUM         32    532 AM  40     -8       30
  AVERAGE         48            52     -4       37

PRECIPITATION (IN)
  TODAY            0.00          0.10  -0.10      T
  MONTH TO DATE    1.21          2.15  -0.94     2.03
  SINCE MAR 1      1.83          3.60  -1.77     3.86
  SINCE JAN 1      3.19          4.41  -1.22     5.80

DEGREE DAYS
 HEATING
  TODAY           17            13      4       28
  MONTH TO DATE  693           440    253      349
  SINCE MAR 1   1533          1286    247     1078
  SINCE JUL 1   6670          6303    367     5589

 COOLING
  TODAY            0             0      0        0
  MONTH TO DATE    0             0      0        0
  SINCE MAR 1      0             0      0        0
  SINCE JAN 1      0             0      0        0
......................................................


WIND (MPH)
  HIGHEST WIND SPEED    33   HIGHEST WIND DIRECTION     N (10)
  HIGHEST GUST SPEED    45   HIGHEST GUST DIRECTION     N (10)
  AVERAGE WIND SPEED    13.4


SKY COVER
  AVERAGE SKY COVER 0.1


WEATHER CONDITIONS
 THE FOLLOWING WEATHER WAS RECORDED TODAY.
  NO SIGNIFICANT WEATHER WAS OBSERVED.


RELATIVE HUMIDITY (PERCENT)
 HIGHEST    96           600 AM
 LOWEST     25           400 PM
 AVERAGE    61

..........................................................


THE ORD NE CLIMATE NORMALS FOR TOMORROW
                         NORMAL
 MAXIMUM TEMPERATURE (F)   65
 MINIMUM TEMPERATURE (F)   40


SUNRISE AND SUNSET
APRIL 26 2018.........SUNRISE   639 AM CDT   SUNSET   828 PM CDT
APRIL 27 2018.........SUNRISE   638 AM CDT   SUNSET   830 PM CDT


-  INDICATES NEGATIVE NUMBERS.
R  INDICATES RECORD WAS SET OR TIED.
MM INDICATES DATA IS MISSING.
T  INDICATES TRACE AMOUNT.




$$
