000
CDUS43 KOAX 210623
CLIOFK


CLIMATE REPORT
NATIONAL WEATHER SERVICE OMAHA NEBRASKA
123 AM CDT SAT APR 21 2018


...................................

...THE NORFOLK, NEBRASKA CLIMATE SUMMARY FOR APRIL 20 2018...

CLIMATE NORMAL PERIOD 1981 TO 2010
CLIMATE RECORD PERIOD 1888 TO 2018


WEATHER ITEM   OBSERVED TIME   RECORD YEAR NORMAL DEPARTURE LAST
                VALUE   (LST)  VALUE       VALUE  FROM      YEAR
                                                  NORMAL
..................................................................
TEMPERATURE (F)
 YESTERDAY
  MAXIMUM         58    241 PM  91    1989  64     -6       61
                                      1980
  MINIMUM         32    608 AM  22    1953  39     -7       37
                                      1943
  AVERAGE         45                        51     -6       49

PRECIPITATION (IN)
  YESTERDAY        0.00          2.07 1905   0.10  -0.10     0.00
  MONTH TO DATE    1.00                      1.66  -0.66     1.54
  SINCE MAR 1      2.63                      3.43  -0.80     2.75
  SINCE JAN 1      4.35                      4.78  -0.43     4.99

SNOWFALL (IN)
  YESTERDAY        0.0                       0.1   -0.1      0.0
  MONTH TO DATE   10.9                       2.1    8.8       T
  SINCE JUL 1     45.2                      30.0   15.2     30.2
  SNOW DEPTH       0

DEGREE DAYS
 HEATING
  YESTERDAY       20                        14      6       16
  MONTH TO DATE  596                       351    245      260
  SINCE MAR 1   1451                      1207    244     1026
  SINCE JUL 1   6651                      6300    351     5481

 COOLING
  YESTERDAY        0                         1     -1        0
  MONTH TO DATE    0                         2     -2        0
  SINCE MAR 1      0                         2     -2        0
  SINCE JAN 1      0                         2     -2        0
..................................................................


WIND (MPH)
  HIGHEST WIND SPEED    22   HIGHEST WIND DIRECTION    SE (150)
  HIGHEST GUST SPEED    27   HIGHEST GUST DIRECTION    SE (150)
  AVERAGE WIND SPEED    10.4


SKY COVER
  POSSIBLE SUNSHINE  MM
  AVERAGE SKY COVER 0.3


WEATHER CONDITIONS
 THE FOLLOWING WEATHER WAS RECORDED YESTERDAY.
  NO SIGNIFICANT WEATHER WAS OBSERVED.


RELATIVE HUMIDITY (PERCENT)
 HIGHEST    89          1200 AM
 LOWEST     33           400 PM
 AVERAGE    61

..........................................................


THE NORFOLK, NEBRASKA CLIMATE NORMALS FOR TODAY
                         NORMAL    RECORD    YEAR
 MAXIMUM TEMPERATURE (F)   64        95      1980
 MINIMUM TEMPERATURE (F)   40        21      1927


SUNRISE AND SUNSET
APRIL 21 2018.........SUNRISE   640 AM CDT   SUNSET   818 PM CDT
APRIL 22 2018.........SUNRISE   638 AM CDT   SUNSET   819 PM CDT


-  INDICATES NEGATIVE NUMBERS.
R  INDICATES RECORD WAS SET OR TIED.
MM INDICATES DATA IS MISSING.
T  INDICATES TRACE AMOUNT.




$$
