000
CDUS43 KEAX 240031
CLIOJC


CLIMATE REPORT
NATIONAL WEATHER SERVICE KANSAS CITY/PLEASANT HILL MO
731 PM CDT MON APR 23 2018


...................................

...THE JOHNSON COUNTY EXECUTIVE KS CLIMATE SUMMARY FOR APRIL 23 2018...
VALID TODAY AS OF 0700 PM LOCAL TIME.

CLIMATE NORMAL PERIOD 1981 TO 2010
CLIMATE RECORD PERIOD 9999 TO 9999


WEATHER ITEM   OBSERVED TIME   NORMAL DEPARTURE LAST
                VALUE   (LST)  VALUE  FROM      YEAR
                                      NORMAL
......................................................
TEMPERATURE (F)
 TODAY
  MAXIMUM         75    335 PM  67      8       70
  MINIMUM         54    632 AM  48      6       41
  AVERAGE         65            58      7       56

PRECIPITATION (IN)
  TODAY            0.00          0.15  -0.15     0.00
  MONTH TO DATE    0.55          2.76  -2.21     2.56
  SINCE MAR 1      3.78          5.39  -1.61     4.87
  SINCE JAN 1      5.19          8.08  -2.89     5.79

DEGREE DAYS
 HEATING
  TODAY            0             8     -8        9
  MONTH TO DATE  479           265    214      174
  SINCE MAR 1   1124           889    235      691
  SINCE JUL 1   5012          4782    230     3831

 COOLING
  TODAY            0             1     -1        0
  MONTH TO DATE    4            15    -11       17
  SINCE MAR 1      4            16    -12       26
  SINCE JAN 1      4            16    -12       26
......................................................


WIND (MPH)
  HIGHEST WIND SPEED    17   HIGHEST WIND DIRECTION     N (10)
  HIGHEST GUST SPEED    25   HIGHEST GUST DIRECTION    NE (40)
  AVERAGE WIND SPEED    10.4


SKY COVER
  AVERAGE SKY COVER 0.5


WEATHER CONDITIONS
 THE FOLLOWING WEATHER WAS RECORDED TODAY.
  NO SIGNIFICANT WEATHER WAS OBSERVED.


RELATIVE HUMIDITY (PERCENT)
 HIGHEST    48          1000 AM
 LOWEST     23           300 PM
 AVERAGE    36

..........................................................


THE JOHNSON COUNTY EXECUTIVE KS CLIMATE NORMALS FOR TOMORROW
                         NORMAL
 MAXIMUM TEMPERATURE (F)   68
 MINIMUM TEMPERATURE (F)   48


SUNRISE AND SUNSET
APRIL 23 2018.........SUNRISE   631 AM CDT   SUNSET   804 PM CDT
APRIL 24 2018.........SUNRISE   630 AM CDT   SUNSET   805 PM CDT


-  INDICATES NEGATIVE NUMBERS.
R  INDICATES RECORD WAS SET OR TIED.
MM INDICATES DATA IS MISSING.
T  INDICATES TRACE AMOUNT.




$$
