000
CDUS44 KOUN 230628
CLIOKC

OUNCLIOKC 000
TTAA00 KOUN 230627


CLIMATE REPORT
NATIONAL WEATHER SERVICE NORMAN OK
127 AM CDT WED MAY 23 2018


...................................

...THE OKLAHOMA CITY CLIMATE SUMMARY FOR MAY 22 2018...

CLIMATE NORMAL PERIOD 1981 TO 2010
CLIMATE RECORD PERIOD 1890 TO 2018


WEATHER ITEM   OBSERVED TIME   RECORD YEAR NORMAL DEPARTURE LAST
                VALUE   (LST)  VALUE       VALUE  FROM      YEAR
                                                  NORMAL
..................................................................
TEMPERATURE (F)
 YESTERDAY
  MAXIMUM         86    358 PM  99    2005  82      4       70
  MINIMUM         62    323 AM  42    2001  62      0       50
                                      1931
                                      1892
  AVERAGE         74                        72      2       60

PRECIPITATION (IN)
  YESTERDAY        0.00          2.62 1975   0.16  -0.16     0.07
  MONTH TO DATE    3.17                      3.22  -0.05     1.10
  SINCE MAR 1      6.06                      9.35  -3.29     9.97
  SINCE JAN 1      8.89                     12.32  -3.43    14.66

SNOWFALL (IN)
  YESTERDAY        0.0           0.0    MM   0.0    0.0      0.0
  MONTH TO DATE    0.0                       0.0    0.0      0.0
  SINCE MAR 1      T                         0.9   -0.9       T
  SINCE JUL 1      0.4                       7.6   -7.2      2.1
  SNOW DEPTH       0

DEGREE DAYS
 HEATING
  YESTERDAY        0                         1     -1        5
  MONTH TO DATE    0                        30    -30       41
  SINCE MAR 1    690                       612     78      473
  SINCE JUL 1   3559                      3362    197     2693

 COOLING
  YESTERDAY        9                         7      2        0
  MONTH TO DATE  178                       109     69       60
  SINCE MAR 1    208                       174     34      151
  SINCE JAN 1    212                       175     37      160
..................................................................


WIND (MPH)
  HIGHEST WIND SPEED    15   HIGHEST WIND DIRECTION     S (160)
  HIGHEST GUST SPEED    19   HIGHEST GUST DIRECTION    SE (150)
  AVERAGE WIND SPEED     6.3


SKY COVER
  AVERAGE SKY COVER 0.5


WEATHER CONDITIONS
 THE FOLLOWING WEATHER WAS RECORDED YESTERDAY.
  FOG


RELATIVE HUMIDITY (PERCENT)
 HIGHEST   100           100 AM
 LOWEST     48           200 PM
 AVERAGE    74

..........................................................


THE OKLAHOMA CITY CLIMATE NORMALS FOR TODAY
                         NORMAL    RECORD    YEAR
 MAXIMUM TEMPERATURE (F)   82       100      2000
 MINIMUM TEMPERATURE (F)   62        42      1892


SUNRISE AND SUNSET
MAY 23 2018...........SUNRISE   621 AM CDT   SUNSET   834 PM CDT
MAY 24 2018...........SUNRISE   620 AM CDT   SUNSET   835 PM CDT


-  INDICATES NEGATIVE NUMBERS.
R  INDICATES RECORD WAS SET OR TIED.
MM INDICATES DATA IS MISSING.
T  INDICATES TRACE AMOUNT.




$$
