102
CDAK49 PAFG 200946
CLIOME

CLIMATE REPORT
NATIONAL WEATHER SERVICE FAIRBANKS AK
146 AM AKDT FRI APR 20 2018


...................................

...THE NOME AK CLIMATE SUMMARY FOR APRIL 19 2018...

CLIMATE NORMAL PERIOD 1981 TO 2010
CLIMATE RECORD PERIOD 1906 TO 2018


WEATHER ITEM   OBSERVED TIME   RECORD YEAR NORMAL DEPARTURE LAST
                VALUE   (LST)  VALUE       VALUE  FROM      YEAR
                                                  NORMAL
..................................................................
TEMPERATURE (F)
 YESTERDAY
  MAXIMUM         40        MM  48    1953  29     11       40
  MINIMUM         26        MM -14    1929  16     10       24
                                      1922
  AVERAGE         33                        22     11       32

PRECIPITATION (IN)
  YESTERDAY        0.00          0.53 1949   0.03  -0.03     0.00
  MONTH TO DATE    0.16                      0.46  -0.30     0.11
  SINCE MAR 1      2.64                      1.11   1.53     0.12
  SINCE JAN 1      4.56                      2.98   1.58     1.87

SNOWFALL (IN)
  YESTERDAY        0.0           4.6  1949   0.2   -0.2      0.0
  MONTH TO DATE    0.4                       5.2   -4.8      1.1
  SINCE MAR 1     34.4                      14.1   20.3      2.0
  SINCE JUL 1    107.7                      70.8   36.9     54.2
  SNOW DEPTH      25

DEGREE DAYS
 HEATING
  YESTERDAY       32                        43    -11       33
  MONTH TO DATE  756                       906   -150      725
  SINCE MAR 1   2239                      2602   -363     2713
  SINCE JUL 1  10420                     11881  -1461    11508

 COOLING
  YESTERDAY        0                         0      0        0
  MONTH TO DATE    0                         0      0        0
  SINCE MAR 1      0                         0      0        0
  SINCE JAN 1      0                         0      0        0
..................................................................


WIND (MPH)
  HIGHEST GUST SPEED    35   HIGHEST GUST DIRECTION     N (20)


SKY COVER
  AVERAGE SKY COVER 0.0


WEATHER CONDITIONS
 THE FOLLOWING WEATHER WAS RECORDED YESTERDAY.
  NO SIGNIFICANT WEATHER WAS OBSERVED.


RELATIVE HUMIDITY (PERCENT)
 HIGHEST    69
 LOWEST     44
 AVERAGE    57

..........................................................


THE NOME AK CLIMATE NORMALS FOR TODAY
                         NORMAL    RECORD    YEAR
 MAXIMUM TEMPERATURE (F)   30        49      2016
 MINIMUM TEMPERATURE (F)   16       -15      1966


SUNRISE AND SUNSET
APRIL 20 2018.........SUNRISE   710 AM AKDT  SUNSET  1055 PM AKDT
APRIL 21 2018.........SUNRISE   706 AM AKDT  SUNSET  1058 PM AKDT

-  INDICATES NEGATIVE NUMBERS.
R  INDICATES RECORD WAS SET OR TIED.
MM INDICATES DATA IS MISSING.
T  INDICATES TRACE AMOUNT.

&&

SNOW DEPTH IS MEASURED AT 3AM AKST/4AM AKDT.

----------------------------
AVAILABLE DAYLIGHT

AMOUNT OF DAYLIGHT TODAY  (HOUR:MIN)........15:45
GAIN/LOSS SINCE YESTERDAY (HOUR:MIN:SEC)....+0:06:47

NOME TIDAL INFORMATION FOR 20 APRIL 2018
0228  -0.2
0943  +1.2
1438  +0.6
1955  +1.1

$$
AY APR 18
