000
CDUS46 KOTX 200829
CLIOMK


CLIMATE REPORT
NATIONAL WEATHER SERVICE SPOKANE, WA
127 AM PDT FRI APR 20 2018


...................................

...THE OMAK WA AIRPORT CLIMATE SUMMARY FOR APRIL 19 2018...

CLIMATE NORMAL PERIOD 1981 TO 2010
CLIMATE RECORD PERIOD 9999 TO 9999


WEATHER ITEM   OBSERVED TIME   RECORD YEAR NORMAL DEPARTURE LAST
                VALUE   (LST)  VALUE       VALUE  FROM      YEAR
                                                  NORMAL
..................................................................
TEMPERATURE (F)
 YESTERDAY
  MAXIMUM         65    427 PM  87    1934  64      1       58
  MINIMUM         34    420 AM  19    1966  37     -3       35
  AVERAGE         50                        51     -1       47

PRECIPITATION (IN)
  YESTERDAY        0.00                      0.04  -0.04     0.01
  MONTH TO DATE    2.01                      0.64   1.37     2.46
  SINCE OCT 1     11.76                     10.02   1.74    14.88
  SINCE JAN 1      8.38                      5.13   3.25     8.40

DEGREE DAYS
 HEATING
  YESTERDAY       15                        14      1       18
  MONTH TO DATE  348                       307     41      341
  SINCE MAR 1   1090                      1036     54     1108
  SINCE JUL 1   5811                      5897    -86     6043

 COOLING
  YESTERDAY        0                         0      0        0
  MONTH TO DATE    0                         0      0        0
  SINCE MAR 1      0                         0      0        0
  SINCE JAN 1      0                         0      0        0
..................................................................


WIND (MPH)
  HIGHEST WIND SPEED    14   HIGHEST WIND DIRECTION     N (360)
  HIGHEST GUST SPEED    18   HIGHEST GUST DIRECTION     N (360)
  AVERAGE WIND SPEED     7.2


SKY COVER
  POSSIBLE SUNSHINE  MM
  AVERAGE SKY COVER 0.0


WEATHER CONDITIONS
 THE FOLLOWING WEATHER WAS RECORDED YESTERDAY.
  NO SIGNIFICANT WEATHER WAS OBSERVED.


RELATIVE HUMIDITY (PERCENT)
 HIGHEST    82           400 AM
 LOWEST     25           100 PM
 AVERAGE    54

..........................................................


THE OMAK WA AIRPORT CLIMATE NORMALS FOR TODAY
                         NORMAL    RECORD    YEAR
 MAXIMUM TEMPERATURE (F)   65        89      1934
 MINIMUM TEMPERATURE (F)   37        18      1951


SUNRISE AND SUNSET
APRIL 20 2018.........SUNRISE   558 AM PDT   SUNSET   757 PM PDT
APRIL 21 2018.........SUNRISE   556 AM PDT   SUNSET   758 PM PDT


-  INDICATES NEGATIVE NUMBERS.
R  INDICATES RECORD WAS SET OR TIED.
MM INDICATES DATA IS MISSING.
T  INDICATES TRACE AMOUNT.




$$
