000
CDUS45 KBOI 230932
CLIONO


CLIMATE REPORT
NATIONAL WEATHER SERVICE BOISE ID
331 AM MDT MON APR 23 2018


...................................

...THE ONTARIO OR CLIMATE SUMMARY FOR APRIL 22 2018...

CLIMATE NORMAL PERIOD 1981 TO 2010
CLIMATE RECORD PERIOD 1948 TO 2018


WEATHER ITEM   OBSERVED TIME   RECORD YEAR NORMAL DEPARTURE LAST
                VALUE   (LST)  VALUE       VALUE  FROM      YEAR
                                                  NORMAL
..................................................................
TEMPERATURE (F)
 YESTERDAY
  MAXIMUM         69    436 PM  88    1977  67      2       70
  MINIMUM         45    638 AM  24    1951  37      8       34
  AVERAGE         57                        52      5       52

PRECIPITATION (IN)
  YESTERDAY        0.00          0.30 1958   0.03  -0.03     0.00
  MONTH TO DATE    0.55                      0.58  -0.03     0.76
  SINCE OCT 1      5.55                      6.98  -1.43    10.52
  SINCE JAN 1      2.84                      3.57  -0.73     7.20

DEGREE DAYS
 HEATING
  YESTERDAY        8                        13     -5       13
  MONTH TO DATE  301                       345    -44      330
  SINCE MAR 1    914                      1015   -101      882
  SINCE JUL 1   5091                      5645   -554     5756

 COOLING
  YESTERDAY        0                         0      0        0
  MONTH TO DATE    0                         0      0        0
  SINCE MAR 1      0                         0      0        0
  SINCE JAN 1      0                         0      0        0
..................................................................


WIND (MPH)
  HIGHEST WIND SPEED    29   HIGHEST WIND DIRECTION    NW (310)
  HIGHEST GUST SPEED    36   HIGHEST GUST DIRECTION    NW (320)
  AVERAGE WIND SPEED    16.5


SKY COVER
  AVERAGE SKY COVER 0.0


WEATHER CONDITIONS
 THE FOLLOWING WEATHER WAS RECORDED YESTERDAY.
  NO SIGNIFICANT WEATHER WAS OBSERVED.


RELATIVE HUMIDITY (PERCENT)
 HIGHEST    42           700 AM
 LOWEST     13           400 PM
 AVERAGE    28

..........................................................


THE ONTARIO OR CLIMATE NORMALS FOR TODAY
                         NORMAL    RECORD    YEAR
 MAXIMUM TEMPERATURE (F)   67        91      1977
 MINIMUM TEMPERATURE (F)   37        23      1972
                                             1960


SUNRISE AND SUNSET
APRIL 23 2018.........SUNRISE   652 AM MDT   SUNSET   842 PM MDT
APRIL 24 2018.........SUNRISE   650 AM MDT   SUNSET   843 PM MDT


-  INDICATES NEGATIVE NUMBERS.
R  INDICATES RECORD WAS SET OR TIED.
MM INDICATES DATA IS MISSING.
T  INDICATES TRACE AMOUNT.




$$
