000
CDUS41 KAKQ 240545
CLIORF


CLIMATE REPORT
NATIONAL WEATHER SERVICE WAKEFIELD, VA
145 AM EDT THU MAY 24 2018


...................................

...THE NORFOLK VA CLIMATE SUMMARY FOR MAY 23 2018...

CLIMATE NORMAL PERIOD 1981 TO 2010
CLIMATE RECORD PERIOD 1871 TO 2018


WEATHER ITEM   OBSERVED TIME   RECORD YEAR NORMAL DEPARTURE LAST
                VALUE   (LST)  VALUE       VALUE  FROM      YEAR
                                                  NORMAL
..................................................................
TEMPERATURE (F)
 YESTERDAY
  MAXIMUM         86   1143 AM  95    1944  77      9       68
                                      1941
  MINIMUM         71   1151 PM  45    2002  60     11       60
  AVERAGE         79                        69     10       64

PRECIPITATION (IN)
  YESTERDAY        T             1.38 2017   0.11  -0.11     1.38
  MONTH TO DATE    5.39                      2.43   2.96     5.84
  SINCE MAR 1     12.68                      9.52   3.16    14.03
  SINCE JAN 1     17.92                     16.04   1.88    19.10

SNOWFALL (IN)
  YESTERDAY        0.0           0.0  2002   0.0    0.0
                                      2001
  MONTH TO DATE    0.0                       0.0    0.0
  SINCE NOV 1     15.1                       5.8    9.3
  SINCE JUL 1     15.1                       5.8    9.3
  SNOW DEPTH       0

DEGREE DAYS
 HEATING
  YESTERDAY        0                         1     -1        1
  MONTH TO DATE   15                        63    -48       43
  SINCE MAR 1    835                       794     41      609
  SINCE JUL 1   3189                      3363   -174     2661

 COOLING
  YESTERDAY       14                         5      9        0
  MONTH TO DATE  190                        75    115      100
  SINCE MAR 1    224                       118    106      260
  SINCE JAN 1    239                       119    120      263
..................................................................


WIND (MPH)
  HIGHEST WIND SPEED    17   HIGHEST WIND DIRECTION    SW (240)
  HIGHEST GUST SPEED    23   HIGHEST GUST DIRECTION    SW (240)
  AVERAGE WIND SPEED     8.7


SKY COVER
  POSSIBLE SUNSHINE  MM
  AVERAGE SKY COVER 0.2


WEATHER CONDITIONS
 THE FOLLOWING WEATHER WAS RECORDED YESTERDAY.
  LIGHT RAIN


RELATIVE HUMIDITY (PERCENT)
 HIGHEST    93           100 AM
 LOWEST     58           400 PM
 AVERAGE    76

..........................................................


THE NORFOLK VA CLIMATE NORMALS FOR TODAY
                         NORMAL    RECORD    YEAR
 MAXIMUM TEMPERATURE (F)   77        92      2011
                                             1964
                                             1962
 MINIMUM TEMPERATURE (F)   60        46      1931


SUNRISE AND SUNSET
MAY 24 2018...........SUNRISE   551 AM EDT   SUNSET   813 PM EDT
MAY 25 2018...........SUNRISE   550 AM EDT   SUNSET   814 PM EDT


-  INDICATES NEGATIVE NUMBERS.
R  INDICATES RECORD WAS SET OR TIED.
MM INDICATES DATA IS MISSING.
T  INDICATES TRACE AMOUNT.




$$
