000
CDUS41 KBOX 220527
CLIORH


CLIMATE REPORT
NATIONAL WEATHER SERVICE BOSTON/NORTON MA
126 AM EDT SUN APR 22 2018


...................................

...THE WORCESTER MA CLIMATE SUMMARY FOR APRIL 21 2018...

CLIMATE NORMAL PERIOD 1981 TO 2010
CLIMATE RECORD PERIOD 1892 TO 2018


WEATHER ITEM   OBSERVED TIME   RECORD YEAR NORMAL DEPARTURE LAST
                VALUE   (LST)  VALUE       VALUE  FROM      YEAR
                                                  NORMAL
..................................................................
TEMPERATURE (F)
 YESTERDAY
  MAXIMUM         55    415 PM  83    1957  58     -3       45
                                      1954
  MINIMUM         31    536 AM  24    1908  39     -8       40
  AVERAGE         43                        48     -5       43

PRECIPITATION (IN)
  YESTERDAY        0.00          2.78 1991   0.12  -0.12     0.56
  MONTH TO DATE    3.99                      2.95   1.04     3.84
  SINCE MAR 1      8.89                      7.16   1.73     7.85
  SINCE JAN 1     17.38                     13.88   3.50    14.20

SNOWFALL (IN)
  YESTERDAY        0.0           1.8  1947   0.0    0.0      0.0
  MONTH TO DATE    7.2                       2.4    4.8      2.9
  SINCE MAR 1     49.5                      13.8   35.7     20.5
  SINCE JUL 1     96.1                      63.7   32.4     78.3
  SNOW DEPTH      MM

DEGREE DAYS
 HEATING
  YESTERDAY       22                        17      5       22
  MONTH TO DATE  579                       435    144      361
  SINCE MAR 1   1548                      1374    174     1441
  SINCE JUL 1   6049                      6211   -162     5718

 COOLING
  YESTERDAY        0                         0      0        0
  MONTH TO DATE    0                         0      0        6
  SINCE MAR 1      0                         0      0        6
  SINCE JAN 1      0                         0      0        6
..................................................................


WIND (MPH)
  RESULTANT WIND SPEED  11   RESULTANT WIND DIRECTION   W (290)
  HIGHEST WIND SPEED    21   HIGHEST WIND DIRECTION     W (290)
  HIGHEST GUST SPEED    30   HIGHEST GUST DIRECTION    NW (330)
  AVERAGE WIND SPEED    11.6


SKY COVER
  POSSIBLE SUNSHINE  MM
  AVERAGE SKY COVER 0.1


WEATHER CONDITIONS
 THE FOLLOWING WEATHER WAS RECORDED YESTERDAY.
  NO SIGNIFICANT WEATHER WAS OBSERVED.


RELATIVE HUMIDITY (PERCENT)
 HIGHEST    78           500 AM
 LOWEST     22           700 PM
 AVERAGE    50

..........................................................


THE WORCESTER MA CLIMATE NORMALS FOR TODAY
                         NORMAL    RECORD    YEAR
 MAXIMUM TEMPERATURE (F)   58        84      1973
 MINIMUM TEMPERATURE (F)   39        23      1989
                                             1981
                                             1947


SUNRISE AND SUNSET
APRIL 22 2018.........SUNRISE   556 AM EDT   SUNSET   737 PM EDT
APRIL 23 2018.........SUNRISE   554 AM EDT   SUNSET   738 PM EDT


-  INDICATES NEGATIVE NUMBERS.
R  INDICATES RECORD WAS SET OR TIED.
MM INDICATES DATA IS MISSING.
T  INDICATES TRACE AMOUNT.




$$
