032
CDUS43 KDDC 211425
CLIP28


CLIMATE REPORT
NATIONAL WEATHER SERVICE DODGE CITY KS
925 AM CDT MON MAY 21 2018


...................................

...THE MEDICINE LODGE KS CLIMATE SUMMARY FOR MAY 21 2018...
VALID AS OF 0900 AM LOCAL TIME.

CLIMATE NORMAL PERIOD 1981 TO 2010
CLIMATE RECORD PERIOD 1893 TO 2018


WEATHER ITEM   OBSERVED TIME   RECORD YEAR NORMAL DEPARTURE LAST
                VALUE   (LST)  VALUE       VALUE  FROM      YEAR
                                                  NORMAL
..................................................................
TEMPERATURE (F)
 TODAY
  MAXIMUM         59        MM 104    1948  81    -22       73
  MINIMUM         52        MM  39    1915  57     -5       40
  AVERAGE         56                        69    -13       57

PRECIPITATION (IN)
  TODAY            0.00          3.26 1902   0.11  -0.11     0.00
  MONTH TO DATE    3.38                      2.10   1.28     4.89
  SINCE MAR 1      5.79                      6.79  -1.00    11.34
  SINCE JAN 1      6.17                      8.54  -2.37    15.26

..................................................................


WIND (MPH)
  HIGHEST WIND SPEED     9   HIGHEST WIND DIRECTION     N (20)
  HIGHEST GUST SPEED    MM   HIGHEST GUST DIRECTION    MM



WEATHER CONDITIONS
 THE FOLLOWING WEATHER WAS RECORDED TODAY.
  NO SIGNIFICANT WEATHER WAS OBSERVED.


RELATIVE HUMIDITY (PERCENT)
 HIGHEST   100           600 AM
 LOWEST     87          1200 AM

..........................................................


THE MEDICINE LODGE KS CLIMATE NORMALS FOR TOMORROW
                         NORMAL    RECORD    YEAR
 MAXIMUM TEMPERATURE (F)   81       103      1948
 MINIMUM TEMPERATURE (F)   57        35      1931


SUNRISE AND SUNSET
MAY 21 2018...........SUNRISE   621 AM CDT   SUNSET   841 PM CDT
MAY 22 2018...........SUNRISE   620 AM CDT   SUNSET   842 PM CDT


-  INDICATES NEGATIVE NUMBERS.
R  INDICATES RECORD WAS SET OR TIED.
MM INDICATES DATA IS MISSING.
T  INDICATES TRACE AMOUNT.




$$
