000
CDUS42 KFFC 240820
CLIPDK


CLIMATE REPORT
NATIONAL WEATHER SERVICE PEACHTREE CITY GA
419 AM EDT TUE APR 24 2018


...................................

...THE DEKALB PEACHTREE AIRPORT CLIMATE SUMMARY FOR APRIL 23 2018...

CLIMATE NORMAL PERIOD 1981 TO 2010
CLIMATE RECORD PERIOD 9999 TO 9999


WEATHER ITEM   OBSERVED TIME   RECORD YEAR NORMAL DEPARTURE LAST
                VALUE   (LST)  VALUE       VALUE  FROM      YEAR
                                                  NORMAL
..................................................................
TEMPERATURE (F)
 YESTERDAY
  MAXIMUM         65    309 PM  MM      MM  75    -10       64
  MINIMUM         56   1128 AM  MM      MM  52      4       52
  AVERAGE         61                        63     -2       58

PRECIPITATION (IN)
  YESTERDAY        1.97         MM      MM   0.15   1.82     0.89
  MONTH TO DATE    3.83                      2.70   1.13     5.96
  SINCE MAR 1      9.31                      7.68   1.63     9.27
  SINCE JAN 1     16.77                     17.49  -0.72    16.58

SNOWFALL (IN)
  YESTERDAY        0.0          MM      MM  MM     MM        0.0
  MONTH TO DATE    0.0                      MM     MM        0.0
  SINCE MAR 1      0.0                      MM     MM         T
  SINCE JUL 1      0.0                      MM     MM         T
  SNOW DEPTH       0

DEGREE DAYS
 HEATING
  YESTERDAY        4                         3      1        7
  MONTH TO DATE  191                       127     64       62
  SINCE MAR 1    613                       495    118      374
  SINCE JUL 1   2847                      2896    -49     2024

 COOLING
  YESTERDAY        0                         2     -2        0
  MONTH TO DATE    8                        27    -19       59
  SINCE MAR 1      9                        34    -25       84
  SINCE JAN 1     25                        34     -9       84
..................................................................


WIND (MPH)
  RESULTANT WIND SPEED   7   RESULTANT WIND DIRECTION   E (100)
  HIGHEST WIND SPEED    20   HIGHEST WIND DIRECTION    SW (220)
  HIGHEST GUST SPEED    26   HIGHEST GUST DIRECTION    SW (220)
  AVERAGE WIND SPEED     6.4


SKY COVER
  AVERAGE SKY COVER 1.0


WEATHER CONDITIONS
 THE FOLLOWING WEATHER WAS RECORDED YESTERDAY.
  THUNDERSTORM
  HEAVY RAIN
  RAIN
  LIGHT RAIN
  FOG


RELATIVE HUMIDITY (PERCENT)
 HIGHEST   100           600 AM
 LOWEST     87           200 PM
 AVERAGE    94

..........................................................


THE DEKALB PEACHTREE AIRPORT CLIMATE NORMALS FOR TODAY
                         NORMAL    RECORD    YEAR
 MAXIMUM TEMPERATURE (F)   76        MM        MM
 MINIMUM TEMPERATURE (F)   52        MM        MM


SUNRISE AND SUNSET
APRIL 24 2018.........SUNRISE   656 AM EDT   SUNSET   815 PM EDT
APRIL 25 2018.........SUNRISE   655 AM EDT   SUNSET   816 PM EDT


-  INDICATES NEGATIVE NUMBERS.
R  INDICATES RECORD WAS SET OR TIED.
MM INDICATES DATA IS MISSING.
T  INDICATES TRACE AMOUNT.




$$
