697
CDUS46 KPDT 220847
CLIPDT

CLIMATE REPORT
NATIONAL WEATHER SERVICE PENDLETON OR
137 AM PDT SUN APR 22 2018


...................................

...THE PENDLETON OR CLIMATE SUMMARY FOR APRIL 21 2018...

CLIMATE NORMAL PERIOD 1981 TO 2010
CLIMATE RECORD PERIOD 1890 TO 2018


WEATHER ITEM   OBSERVED TIME   RECORD YEAR NORMAL DEPARTURE LAST
                VALUE   (LST)  VALUE       VALUE  FROM      YEAR
                                                  NORMAL
..................................................................
TEMPERATURE (F)
 YESTERDAY
  MAXIMUM         63    151 PM  92    1934  63      0       63
  MINIMUM         40   1159 PM  26    1951  40      0       38
                                      1914
  AVERAGE         52                        51      1       51

PRECIPITATION (IN)
  YESTERDAY        T             1.03 1988   0.04  -0.04     0.00
  MONTH TO DATE    1.37                      0.82   0.55     1.27
  SINCE OCT 1      9.27                      8.68   0.59    13.06
  SINCE JAN 1      5.08                      4.68   0.40     7.54

SNOWFALL (IN)
  YESTERDAY       MM             0.0  2002   0.0   MM        0.0
                                      2001
                                      2000
  MONTH TO DATE    T                         0.0    0.0       T
  SINCE JAN 1      5.0                       7.7   -2.7     25.9
  SINCE JUL 1     15.0                      15.2   -0.2     44.4
  SNOW DEPTH       0

DEGREE DAYS
 HEATING
  YESTERDAY       13                        14     -1       14
  MONTH TO DATE  320                       319      1      338
  SINCE MAR 1    958                       936     22      923
  SINCE JUL 1   4735                      4835   -100     5225

 COOLING
  YESTERDAY        0                         0      0        0
  MONTH TO DATE    0                         0      0        0
  SINCE MAR 1      0                         0      0        0
  SINCE JAN 1      0                         0      0        0
..................................................................


WIND (MPH)
  HIGHEST WIND SPEED    32   HIGHEST WIND DIRECTION     W (270)
  HIGHEST GUST SPEED    39   HIGHEST GUST DIRECTION     W (280)
  AVERAGE WIND SPEED    13.4


SKY COVER
  POSSIBLE SUNSHINE  MM
  AVERAGE SKY COVER 0.3


WEATHER CONDITIONS
 THE FOLLOWING WEATHER WAS RECORDED YESTERDAY.
  LIGHT RAIN


RELATIVE HUMIDITY (PERCENT)
 HIGHEST    59           300 AM
 LOWEST     14           200 PM
 AVERAGE    37

..........................................................


THE PENDLETON OR CLIMATE NORMALS FOR TODAY
                         NORMAL    RECORD    YEAR
 MAXIMUM TEMPERATURE (F)   63        95      1934
 MINIMUM TEMPERATURE (F)   40        29      2006


SUNRISE AND SUNSET
APRIL 22 2018.........SUNRISE   557 AM PDT   SUNSET   751 PM PDT
APRIL 23 2018.........SUNRISE   556 AM PDT   SUNSET   752 PM PDT


-  INDICATES NEGATIVE NUMBERS.
R  INDICATES RECORD WAS SET OR TIED.
MM INDICATES DATA IS MISSING.
T  INDICATES TRACE AMOUNT.




$$
