000
CDUS45 KPIH 200733
CLIPIH


CLIMATE REPORT
NATIONAL WEATHER SERVICE POCATELLO ID
133 AM MDT FRI APR 20 2018


...................................

...THE POCATELLO ID CLIMATE SUMMARY FOR APRIL 19 2018...

CLIMATE NORMAL PERIOD 1981 TO 2010
CLIMATE RECORD PERIOD 1939 TO 2018


WEATHER ITEM   OBSERVED TIME   RECORD YEAR NORMAL DEPARTURE LAST
                VALUE   (LST)  VALUE       VALUE  FROM      YEAR
                                                  NORMAL
..................................................................
TEMPERATURE (F)
 YESTERDAY
  MAXIMUM         65    421 PM  83    1994  59      6       59
                                      1962
  MINIMUM         33    315 AM  19    1982  33      0       38
  AVERAGE         49                        46      3       49

PRECIPITATION (IN)
  YESTERDAY        0.00          0.39 2002   0.04  -0.04     0.00
  MONTH TO DATE    0.78                      0.68   0.10     1.53
  SINCE OCT 1      6.81                      7.12  -0.31    14.98
  SINCE JAN 1      4.02                      3.90   0.12     8.42

SNOWFALL (IN)
  YESTERDAY        0.0
  MONTH TO DATE    T
  SINCE MAR 1      8.3
  SINCE JUL 1     30.5
  SNOW DEPTH       0

DEGREE DAYS
 HEATING
  YESTERDAY       16                        19     -3       16
  MONTH TO DATE  355                       394    -39      374
  SINCE MAR 1   1166                      1233    -67     1042
  SINCE JUL 1   5874                      6506   -632     6291

 COOLING
  YESTERDAY        0                         0      0        0
  MONTH TO DATE    0                         0      0        0
  SINCE MAR 1      0                         0      0        0
  SINCE JAN 1      0                         0      0        0
..................................................................


WIND (MPH)
  HIGHEST WIND SPEED    18   HIGHEST WIND DIRECTION     N (360)
  HIGHEST GUST SPEED    25   HIGHEST GUST DIRECTION     N (350)
  AVERAGE WIND SPEED     8.0


SKY COVER
  POSSIBLE SUNSHINE  MM
  AVERAGE SKY COVER 0.3


WEATHER CONDITIONS
 THE FOLLOWING WEATHER WAS RECORDED YESTERDAY.
  NO SIGNIFICANT WEATHER WAS OBSERVED.


RELATIVE HUMIDITY (PERCENT)
 HIGHEST    75           300 AM
 LOWEST     19           300 PM
 AVERAGE    47

..........................................................


THE POCATELLO ID CLIMATE NORMALS FOR TODAY
                         NORMAL    RECORD    YEAR
 MAXIMUM TEMPERATURE (F)   60        83      1994
 MINIMUM TEMPERATURE (F)   34        17      1982


SUNRISE AND SUNSET
APRIL 20 2018.........SUNRISE   641 AM MDT   SUNSET   819 PM MDT
APRIL 21 2018.........SUNRISE   639 AM MDT   SUNSET   820 PM MDT


-  INDICATES NEGATIVE NUMBERS.
R  INDICATES RECORD WAS SET OR TIED.
MM INDICATES DATA IS MISSING.
T  INDICATES TRACE AMOUNT.




$$
