000
CDUS46 KLOX 240915
CLIPMD


CLIMATE REPORT
NATIONAL WEATHER SERVICE LOS ANGELES/OXNARD CA
215 AM PDT TUE APR 24 2018


...................................

...THE PALMDALE AIRPORT CA CLIMATE SUMMARY FOR APRIL 23 2018...

CLIMATE NORMAL PERIOD 1981 TO 2010
CLIMATE RECORD PERIOD 1931 TO 2018


WEATHER ITEM   OBSERVED TIME   RECORD YEAR NORMAL DEPARTURE LAST
                VALUE   (LST)  VALUE       VALUE  FROM      YEAR
                                                  NORMAL
..................................................................
TEMPERATURE (F)
 YESTERDAY
  MAXIMUM         87    219 PM  95    1949  75     12       81
  MINIMUM         58    524 AM  29    1968  46     12       50
  AVERAGE         73                        60     13       66

PRECIPITATION (IN)
  YESTERDAY        0.00          0.02 1980   0.01  -0.01     0.00
  MONTH TO DATE    0.01                      0.38  -0.37      T
  SINCE OCT 1      2.57                      7.34  -4.77     5.91
  SINCE JAN 1      2.57                      4.89  -2.32     4.12

SNOWFALL (IN)
  YESTERDAY        0.0          MM      MM  MM               0.0
  MONTH TO DATE    0.0                      MM               0.0
  SINCE MAR 1      0.0                      MM               0.0
  SINCE JUL 1      0.0                      MM               0.0
  SNOW DEPTH       0

DEGREE DAYS
 HEATING
  YESTERDAY        0                         6     -6        0
  MONTH TO DATE   85                       194   -109       92
  SINCE MAR 1    437                       570   -133      335
  SINCE JUL 1   2118                      2815   -697     2244

 COOLING
  YESTERDAY        8                         1      7        1
  MONTH TO DATE   29                         8     21        7
  SINCE MAR 1     31                        10     21       14
  SINCE JAN 1     31                        10     21       14
..................................................................


WIND (MPH)
  HIGHEST WIND SPEED    26   HIGHEST WIND DIRECTION     W (250)
  HIGHEST GUST SPEED    31   HIGHEST GUST DIRECTION     W (250)
  AVERAGE WIND SPEED    14.4


SKY COVER
  POSSIBLE SUNSHINE  MM
  AVERAGE SKY COVER 0.0


WEATHER CONDITIONS
 THE FOLLOWING WEATHER WAS RECORDED YESTERDAY.
  NO SIGNIFICANT WEATHER WAS OBSERVED.


RELATIVE HUMIDITY (PERCENT)
 HIGHEST    39           500 AM
 LOWEST     14           200 PM
 AVERAGE    27

..........................................................


THE PALMDALE AIRPORT CA CLIMATE NORMALS FOR TODAY
                         NORMAL    RECORD    YEAR
 MAXIMUM TEMPERATURE (F)   75        92      1996
 MINIMUM TEMPERATURE (F)   46        32      1937


SUNRISE AND SUNSET
APRIL 24 2018.........SUNRISE   610 AM PDT   SUNSET   732 PM PDT
APRIL 25 2018.........SUNRISE   609 AM PDT   SUNSET   732 PM PDT


-  INDICATES NEGATIVE NUMBERS.
R  INDICATES RECORD WAS SET OR TIED.
MM INDICATES DATA IS MISSING.
T  INDICATES TRACE AMOUNT.




$$
