000
CDUS44 KMOB 270633
CLIPNS


CLIMATE REPORT
NATIONAL WEATHER SERVICE MOBILE AL
132 AM CDT SUN MAY 27 2018


...................................

...THE PENSACOLA CLIMATE SUMMARY FOR MAY 26 2018...

CLIMATE NORMAL PERIOD 1981 TO 2010
CLIMATE RECORD PERIOD 1879 TO 2018


WEATHER ITEM   OBSERVED TIME   RECORD YEAR NORMAL DEPARTURE LAST
                VALUE   (LST)  VALUE       VALUE  FROM      YEAR
                                                  NORMAL
..................................................................
TEMPERATURE (F)
 YESTERDAY
  MAXIMUM         85    106 PM  98    2012  86     -1       83
                                      1953
  MINIMUM         73    425 PM  48    1979  69      4       68
  AVERAGE         79                        77      2       76

PRECIPITATION (IN)
  YESTERDAY        0.02          2.92 1981   0.14  -0.12     0.00
  MONTH TO DATE    3.45                      3.46  -0.01     5.92
  SINCE MAR 1      9.46                     13.59  -4.13    11.99
  SINCE JAN 1     22.76                     23.28  -0.52    27.34

DEGREE DAYS
 COOLING
  YESTERDAY       14                        12      2       11
  MONTH TO DATE  344                       234    110      271
  SINCE MAR 1    499                       368    131      609
  SINCE JAN 1    597                       382    215      719
..................................................................


WIND (MPH)
  HIGHEST WIND SPEED    21   HIGHEST WIND DIRECTION     E (100)
  HIGHEST GUST SPEED    30   HIGHEST GUST DIRECTION     E (110)
  AVERAGE WIND SPEED     7.9


SKY COVER
  POSSIBLE SUNSHINE  MM
  AVERAGE SKY COVER 0.2


WEATHER CONDITIONS
 THE FOLLOWING WEATHER WAS RECORDED YESTERDAY.
  THUNDERSTORM
  LIGHT RAIN
  FOG


RELATIVE HUMIDITY (PERCENT)
 HIGHEST    87           200 AM
 LOWEST     61           900 AM
 AVERAGE    74

..........................................................


THE PENSACOLA CLIMATE NORMALS FOR TODAY
                         NORMAL    RECORD    YEAR
 MAXIMUM TEMPERATURE (F)   86       102      1953
 MINIMUM TEMPERATURE (F)   69        50      1961


SUNRISE AND SUNSET
MAY 27 2018...........SUNRISE   549 AM CDT   SUNSET   744 PM CDT
MAY 28 2018...........SUNRISE   548 AM CDT   SUNSET   744 PM CDT


-  INDICATES NEGATIVE NUMBERS.
R  INDICATES RECORD WAS SET OR TIED.
MM INDICATES DATA IS MISSING.
T  INDICATES TRACE AMOUNT.




$$
