000
CDUS45 KFGZ 210100
CLIPRC


CLIMATE REPORT
NATIONAL WEATHER SERVICE FLAGSTAFF, AZ
600 PM MST SUN MAY 20 2018


...................................

...THE PRESCOTT AZ AIRPORT CLIMATE SUMMARY FOR MAY 20 2018...
VALID TODAY AS OF 0500 PM LOCAL TIME.

CLIMATE NORMAL PERIOD 1981 TO 2010
CLIMATE RECORD PERIOD 1948 TO 2018


WEATHER ITEM   OBSERVED TIME   RECORD YEAR NORMAL DEPARTURE LAST
                VALUE   (LST)  VALUE       VALUE  FROM      YEAR
                                                  NORMAL
..................................................................
TEMPERATURE (F)
 TODAY
  MAXIMUM         79    305 PM  92    2008  78      1       78
  MINIMUM         48    543 AM  30    1974  48      0       41
  AVERAGE         64                        63      1

PRECIPITATION (IN)
  TODAY            0.00          0.26 1979   0.02  -0.02
  MONTH TO DATE    0.37                      0.30   0.07
  SINCE SEP 1      2.34                      8.69  -6.35
  SINCE JAN 1      1.81                      4.38  -2.57

DEGREE DAYS
 HEATING
  TODAY            1                         4     -3
  SINCE JUL 1   3286                      4235   -949

 COOLING
  TODAY            0                         1     -1
  SINCE JAN 1     38                        17     21
..................................................................


WIND (MPH)
  HIGHEST WIND SPEED    22   HIGHEST WIND DIRECTION    SE (150)
  HIGHEST GUST SPEED    29   HIGHEST GUST DIRECTION     S (200)
  AVERAGE WIND SPEED     9.7


SKY COVER
  POSSIBLE SUNSHINE  MM
  AVERAGE SKY COVER 0.0


WEATHER CONDITIONS
 THE FOLLOWING WEATHER WAS RECORDED TODAY.
  NO SIGNIFICANT WEATHER WAS OBSERVED.


RELATIVE HUMIDITY (PERCENT)
 HIGHEST    42           600 AM
 LOWEST      9           100 PM

..........................................................


THE PRESCOTT AZ AIRPORT CLIMATE NORMALS FOR TOMORROW
                         NORMAL    RECORD    YEAR
 MAXIMUM TEMPERATURE (F)   78        91      2005
 MINIMUM TEMPERATURE (F)   48        33      1962


SUNRISE AND SUNSET
MAY 20 2018...........SUNRISE   523 AM MST   SUNSET   729 PM MST
MAY 21 2018...........SUNRISE   523 AM MST   SUNSET   730 PM MST


-  INDICATES NEGATIVE NUMBERS.
R  INDICATES RECORD WAS SET OR TIED.
MM INDICATES DATA IS MISSING.
T  INDICATES TRACE AMOUNT.




$$
