000
CDUS46 KPDT 210922
CLIPSC

CLIMATE REPORT
NATIONAL WEATHER SERVICE PENDLETON OR
220 AM PDT SAT APR 21 2018


...................................

...THE PASCO WA CLIMATE SUMMARY FOR APRIL 20 2018...

CLIMATE NORMAL PERIOD 1981 TO 2010
CLIMATE RECORD PERIOD 1948 TO 2018


WEATHER ITEM   OBSERVED TIME   RECORD YEAR NORMAL DEPARTURE LAST
                VALUE   (LST)  VALUE       VALUE  FROM      YEAR
                                                  NORMAL
..................................................................
TEMPERATURE (F)
 YESTERDAY
  MAXIMUM         72    512 PM  91    1934  69      3       67
                                      1906
  MINIMUM         36    500 AM  19    1927  39     -3       45
  AVERAGE         54                        54      0       56

PRECIPITATION (IN)
  YESTERDAY        0.00          0.57 1944   0.02  -0.02     0.00
  MONTH TO DATE    1.05                      0.46   0.59     0.85
  SINCE OCT 1      5.63                      6.28  -0.65     8.62
  SINCE JAN 1      2.91                      3.33  -0.42     4.85

SNOWFALL (IN)
  YESTERDAY        0.0
  SNOW DEPTH       0

DEGREE DAYS
 HEATING
  YESTERDAY       11                        11      0        9
  MONTH TO DATE  256                       260     -4      265
  SINCE MAR 1    890                       838     52      798
  SINCE JUL 1   4593                      4721   -128     5120

 COOLING
  YESTERDAY        0                         0      0        0
  MONTH TO DATE    0                         0      0        0
  SINCE MAR 1      0                         0      0        0
  SINCE JAN 1      0                         0      0        0
..................................................................


WIND (MPH)
  RESULTANT WIND SPEED   3   RESULTANT WIND DIRECTION   S (180)
  HIGHEST WIND SPEED    13   HIGHEST WIND DIRECTION    SW (220)
  HIGHEST GUST SPEED    16   HIGHEST GUST DIRECTION    SW (210)


SKY COVER
  POSSIBLE SUNSHINE  MM
  AVERAGE SKY COVER 0.1


WEATHER CONDITIONS
 THE FOLLOWING WEATHER WAS RECORDED YESTERDAY.
  NO SIGNIFICANT WEATHER WAS OBSERVED.


RELATIVE HUMIDITY (PERCENT)
 HIGHEST    85
 LOWEST     17
 AVERAGE    51

..........................................................


THE PASCO WA CLIMATE NORMALS FOR TODAY
                         NORMAL    RECORD    YEAR
 MAXIMUM TEMPERATURE (F)   69        93      1934
 MINIMUM TEMPERATURE (F)   39        24      1951


SUNRISE AND SUNSET
APRIL 21 2018.........SUNRISE   559 AM PDT   SUNSET   752 PM PDT
APRIL 22 2018.........SUNRISE   557 AM PDT   SUNSET   753 PM PDT


-  INDICATES NEGATIVE NUMBERS.
R  INDICATES RECORD WAS SET OR TIED.
MM INDICATES DATA IS MISSING.
T  INDICATES TRACE AMOUNT.




$$
