000
CDUS46 KSGX 261133
CLIPSP


CLIMATE REPORT
NATIONAL WEATHER SERVICE SAN DIEGO, CA
433 AM PDT THU APR 26 2018


...................................

...THE PALM SPRINGS INTL AIRPORT CA CLIMATE SUMMARY FOR APRIL 25 2018...

CLIMATE NORMAL PERIOD 1981 TO 2010
CLIMATE RECORD PERIOD 1893 TO 2018


WEATHER ITEM   OBSERVED TIME   RECORD YEAR NORMAL DEPARTURE LAST
                VALUE   (LST)  VALUE       VALUE  FROM      YEAR
                                                  NORMAL
..................................................................
TEMPERATURE (F)
 YESTERDAY
  MAXIMUM        101    250 PM 104    1926  87     14       84
  MINIMUM         66    535 AM  40    1953  59      7       67
  AVERAGE         84                        73     11       76

PRECIPITATION (IN)
  YESTERDAY        0.00          0.03 2016   0.01  -0.01     0.00
  MONTH TO DATE    0.00                      0.10  -0.10     0.00
  SINCE OCT 1      1.69                      4.59  -2.90     6.97
  SINCE JAN 1      1.69                      2.74  -1.05     5.18

DEGREE DAYS
 HEATING
  YESTERDAY        0                         0      0        0
  MONTH TO DATE    0                        17    -17        0
  SINCE MAR 1     42                        90    -48       19
  SINCE JUL 1    335                       868   -533      679

 COOLING
  YESTERDAY       19                         8     11       11
  MONTH TO DATE  303                       153    150      282
  SINCE MAR 1    424                       246    178      528
  SINCE JAN 1    537                       273    264      573
..................................................................


WIND (MPH)
  RESULTANT WIND SPEED   6   RESULTANT WIND DIRECTION  NW (310)
  HIGHEST WIND SPEED    23   HIGHEST WIND DIRECTION    NW (320)
  HIGHEST GUST SPEED    30   HIGHEST GUST DIRECTION    NW (310)
  AVERAGE WIND SPEED     7.9


SKY COVER
  POSSIBLE SUNSHINE  MM
  AVERAGE SKY COVER 0.0


WEATHER CONDITIONS
 THE FOLLOWING WEATHER WAS RECORDED YESTERDAY.
  NO SIGNIFICANT WEATHER WAS OBSERVED.


RELATIVE HUMIDITY (PERCENT)
 HIGHEST    37           500 AM
 LOWEST      5          1200 PM
 AVERAGE    21

..........................................................


THE PALM SPRINGS INTL AIRPORT CA CLIMATE NORMALS FOR TODAY
                         NORMAL    RECORD    YEAR
 MAXIMUM TEMPERATURE (F)   87       109      1996
 MINIMUM TEMPERATURE (F)   60        42      1971


SUNRISE AND SUNSET
APRIL 26 2018.........SUNRISE   602 AM PDT   SUNSET   726 PM PDT
APRIL 27 2018.........SUNRISE   601 AM PDT   SUNSET   726 PM PDT


-  INDICATES NEGATIVE NUMBERS.
R  INDICATES RECORD WAS SET OR TIED.
MM INDICATES DATA IS MISSING.
T  INDICATES TRACE AMOUNT.




$$
