000
CDUS46 KBOI 260937
CLIREO


CLIMATE REPORT
NATIONAL WEATHER SERVICE BOISE ID
337 AM MDT SAT MAY 26 2018


...................................

...THE ROME OR CLIMATE SUMMARY FOR MAY 25 2018...

CLIMATE NORMAL PERIOD 1981 TO 2010
CLIMATE RECORD PERIOD 9999 TO 9999


WEATHER ITEM   OBSERVED TIME   NORMAL DEPARTURE LAST
                VALUE   (LST)  VALUE  FROM      YEAR
                                      NORMAL
......................................................
TEMPERATURE (F)
 YESTERDAY
  MAXIMUM         76   1235 PM  72      4       68
  MINIMUM         54   1151 PM  40     14       33
  AVERAGE         65            56      9       51

PRECIPITATION (IN)
  YESTERDAY        0.29          0.04   0.25     0.00
  MONTH TO DATE    0.90          1.14  -0.24     0.39
  SINCE OCT 1      4.32          6.70  -2.38     7.57
  SINCE JAN 1      2.44          4.51  -2.07     5.19

DEGREE DAYS
 HEATING
  YESTERDAY        0            10    -10       14
  MONTH TO DATE  152           310   -158      253
  SINCE MAR 1   1352          1670   -318     1334
  SINCE JUL 1   5700          6404   -704     5914

 COOLING
  YESTERDAY        0             0      0        0
  MONTH TO DATE    4             0      4       10
  SINCE MAR 1      4             0      4       10
  SINCE JAN 1      4             0      4       10
......................................................


WIND (MPH)
  RESULTANT WIND SPEED   3   RESULTANT WIND DIRECTION   W (250)
  HIGHEST WIND SPEED    31   HIGHEST WIND DIRECTION    SW (220)
  HIGHEST GUST SPEED    39   HIGHEST GUST DIRECTION    SW (220)
  AVERAGE WIND SPEED     9.7


SKY COVER
  AVERAGE SKY COVER 0.0


WEATHER CONDITIONS
 THE FOLLOWING WEATHER WAS RECORDED YESTERDAY.
  LIGHT RAIN


RELATIVE HUMIDITY (PERCENT)
 HIGHEST    93           400 AM
 LOWEST     38          1200 PM
 AVERAGE    66

..........................................................


THE ROME OR CLIMATE NORMALS FOR TODAY
                         NORMAL    RECORD    YEAR
 MAXIMUM TEMPERATURE (F)   73        MM        MM
 MINIMUM TEMPERATURE (F)   40        MM        MM


SUNRISE AND SUNSET
MAY 26 2018...........SUNRISE   520 AM PDT   SUNSET   818 PM PDT
MAY 27 2018...........SUNRISE   519 AM PDT   SUNSET   819 PM PDT


-  INDICATES NEGATIVE NUMBERS.
R  INDICATES RECORD WAS SET OR TIED.
MM INDICATES DATA IS MISSING.
T  INDICATES TRACE AMOUNT.




$$
