261
CDUS41 KAKQ 200541
CLIRIC


CLIMATE REPORT
NATIONAL WEATHER SERVICE WAKEFIELD, VA
140 AM EDT FRI APR 20 2018


...................................

...THE RICHMOND VA CLIMATE SUMMARY FOR APRIL 19 2018...

CLIMATE NORMAL PERIOD 1981 TO 2010
CLIMATE RECORD PERIOD 1871 TO 2018


WEATHER ITEM   OBSERVED TIME   RECORD YEAR NORMAL DEPARTURE LAST
                VALUE   (LST)  VALUE       VALUE  FROM      YEAR
                                                  NORMAL
..................................................................
TEMPERATURE (F)
 YESTERDAY
  MAXIMUM         70   1229 PM  93    1985  72     -2       67
                                      1941
  MINIMUM         42   1159 PM  29    2001  47     -5       50
  AVERAGE         56                        59     -3       59

PRECIPITATION (IN)
  YESTERDAY        0.02          1.50 1900   0.11  -0.09     0.06
  MONTH TO DATE    1.98                      2.10  -0.12     0.81
  SINCE MAR 1      4.31                      6.14  -1.83     4.49
  SINCE JAN 1      9.76                     11.94  -2.18     9.49

SNOWFALL (IN)
  YESTERDAY        0.0           0.0  2002   0.0    0.0
  MONTH TO DATE    T                         0.1   -0.1
  SINCE NOV 1     12.4                      10.3    2.1
  SINCE JUL 1     12.4                      10.3    2.1
  SNOW DEPTH       0

DEGREE DAYS
 HEATING
  YESTERDAY        9                         7      2        6
  MONTH TO DATE  208                       177     31       83
  SINCE MAR 1    861                       693    168      576
  SINCE JUL 1   3625                      3629     -4     3058

 COOLING
  YESTERDAY        0                         1     -1        0
  MONTH TO DATE   19                        18      1       32
  SINCE MAR 1     22                        24     -2       40
  SINCE JAN 1     28                        24      4       40
..................................................................


WIND (MPH)
  HIGHEST WIND SPEED    35   HIGHEST WIND DIRECTION    NW (310)
  HIGHEST GUST SPEED    41   HIGHEST GUST DIRECTION    NW (300)
  AVERAGE WIND SPEED    12.6


SKY COVER
  POSSIBLE SUNSHINE  MM
  AVERAGE SKY COVER 0.3


WEATHER CONDITIONS
 THE FOLLOWING WEATHER WAS RECORDED YESTERDAY.
  LIGHT RAIN


RELATIVE HUMIDITY (PERCENT)
 HIGHEST   100          1200 AM
 LOWEST     29           500 PM
 AVERAGE    65

..........................................................


THE RICHMOND VA CLIMATE NORMALS FOR TODAY
                         NORMAL    RECORD    YEAR
 MAXIMUM TEMPERATURE (F)   72        95      1985
 MINIMUM TEMPERATURE (F)   47        29      1926


SUNRISE AND SUNSET
APRIL 20 2018.........SUNRISE   628 AM EDT   SUNSET   749 PM EDT
APRIL 21 2018.........SUNRISE   626 AM EDT   SUNSET   750 PM EDT


-  INDICATES NEGATIVE NUMBERS.
R  INDICATES RECORD WAS SET OR TIED.
MM INDICATES DATA IS MISSING.
T  INDICATES TRACE AMOUNT.




$$
