000
CDUS45 KREV 200841
CLIRNO


CLIMATE REPORT
NATIONAL WEATHER SERVICE RENO NV
140 AM PDT FRI APR 20 2018


...................................

...THE RENO-TAHOE INTL AIRPORT NV CLIMATE SUMMARY FOR APRIL 19 2018...

CLIMATE NORMAL PERIOD 1981 TO 2010
CLIMATE RECORD PERIOD 1888 TO 2018


WEATHER ITEM   OBSERVED TIME   RECORD YEAR NORMAL DEPARTURE LAST
                VALUE   (LST)  VALUE       VALUE  FROM      YEAR
                                                  NORMAL
..................................................................
TEMPERATURE (F)
 YESTERDAY
  MAXIMUM         51    103 PM  82    1980  65    -14       67
  MINIMUM         34    419 AM  20    1955  38     -4       33
  AVERAGE         43                        52     -9       50

PRECIPITATION (IN)
  YESTERDAY        0.08          0.35 1904   0.01   0.07     0.00
  MONTH TO DATE    0.51                      0.30   0.21     0.65
  SINCE OCT 1      5.30                      5.47  -0.17    14.30
  SINCE JAN 1      3.73                      3.11   0.62    10.51

SNOWFALL (IN)
  YESTERDAY        0.2           1.8  1963   0.0    0.2      0.0
  MONTH TO DATE    0.2                       0.4   -0.2       T
  SINCE MAR 1     20.1                       2.4   17.7      2.9
  SINCE JUL 1     24.9                      21.4    3.5     27.0
  SNOW DEPTH       0

DEGREE DAYS
 HEATING
  YESTERDAY       22                        14      8       15
  MONTH TO DATE  261                       295    -34      272
  SINCE MAR 1    952                       893     59      773
  SINCE JUL 1   4219                      4531   -312     4146

 COOLING
  YESTERDAY        0                         0      0        0
  MONTH TO DATE    0                         0      0        0
  SINCE MAR 1      0                         0      0        0
  SINCE JAN 1      0                         0      0        0
..................................................................


WIND (MPH)
  RESULTANT WIND SPEED   8   RESULTANT WIND DIRECTION   N (350)
  HIGHEST WIND SPEED    24   HIGHEST WIND DIRECTION     N (360)
  HIGHEST GUST SPEED    31   HIGHEST GUST DIRECTION     N (350)
  AVERAGE WIND SPEED    10.0



WEATHER CONDITIONS
 THE FOLLOWING WEATHER WAS RECORDED YESTERDAY.
  LIGHT RAIN
  LIGHT SNOW
  FOG


RELATIVE HUMIDITY (PERCENT)
 HIGHEST    96           300 AM
 LOWEST     36          1200 PM
 AVERAGE    66

..........................................................


THE RENO-TAHOE INTL AIRPORT NV CLIMATE NORMALS FOR TODAY
                         NORMAL    RECORD    YEAR
 MAXIMUM TEMPERATURE (F)   65        84      2012
                                             2009
 MINIMUM TEMPERATURE (F)   39        16      1896


SUNRISE AND SUNSET
APRIL 20 2018.........SUNRISE   615 AM PDT   SUNSET   742 PM PDT
APRIL 21 2018.........SUNRISE   613 AM PDT   SUNSET   743 PM PDT


-  INDICATES NEGATIVE NUMBERS.
R  INDICATES RECORD WAS SET OR TIED.
MM INDICATES DATA IS MISSING.
T  INDICATES TRACE AMOUNT.




$$
