000
CDUS46 KSTO 200044
CLISAC

CLIMATE REPORT
NATIONAL WEATHER SERVICE SACRAMENTO, CA
544 PM PDT THU APR 19 2018


...................................

...THE SACRAMENTO EXEC. AIRPORT CA CLIMATE SUMMARY FOR APRIL 19 2018...
VALID TODAY AS OF 0500 PM LOCAL TIME.

CLIMATE NORMAL PERIOD 1981 TO 2010
CLIMATE RECORD PERIOD 1930 TO 2018


WEATHER ITEM   OBSERVED TIME   RECORD YEAR NORMAL DEPARTURE LAST
                VALUE   (LST)  VALUE       VALUE  FROM      YEAR
                                                  NORMAL
..................................................................
TEMPERATURE (F)
 TODAY
  MAXIMUM         72    356 PM  90    2009  72      0       69
  MINIMUM         35R   448 AM  35    1961  47    -12       46
  AVERAGE         54

PRECIPITATION (IN)
  TODAY            0.00          0.85 1988   0.04  -0.04     0.10
  MONTH TO DATE    2.00                      0.81   1.19     2.93
  SINCE OCT 1     15.36                     16.95  -1.59    32.93
  SINCE JAN 1     12.94                     10.67   2.27    23.48

SNOWFALL (IN)
  TODAY            0.0          MM      MM   0.0            MM
  MONTH TO DATE    0.0                       0.0             0.0
  SINCE MAR 1      0.0                       0.0             0.0
  SINCE JUL 1      0.0                       0.0             0.0

DEGREE DAYS
 HEATING
  TODAY           11

 COOLING
  TODAY            0
..................................................................


WIND (MPH)
  RESULTANT WIND SPEED   4   RESULTANT WIND DIRECTION  NW (320)
  HIGHEST WIND SPEED    20   HIGHEST WIND DIRECTION    NW (320)
  HIGHEST GUST SPEED    26   HIGHEST GUST DIRECTION     N (350)


SKY COVER
  POSSIBLE SUNSHINE  MM
  AVERAGE SKY COVER 0.0


WEATHER CONDITIONS
 THE FOLLOWING WEATHER WAS RECORDED TODAY.
  NO SIGNIFICANT WEATHER WAS OBSERVED.


RELATIVE HUMIDITY (PERCENT)
 HIGHEST   100
 LOWEST     27
 AVERAGE    64

..........................................................


THE SACRAMENTO EXEC. AIRPORT CA CLIMATE NORMALS FOR TOMORROW
                         NORMAL    RECORD    YEAR
 MAXIMUM TEMPERATURE (F)   72        93      2009
 MINIMUM TEMPERATURE (F)   47        34      2008


SUNRISE AND SUNSET
APRIL 19 2018.........SUNRISE   624 AM PDT   SUNSET   747 PM PDT
APRIL 20 2018.........SUNRISE   623 AM PDT   SUNSET   748 PM PDT


-  INDICATES NEGATIVE NUMBERS.
R  INDICATES RECORD WAS SET OR TIED.
MM INDICATES DATA IS MISSING.
T  INDICATES TRACE AMOUNT.




&&
....................................................................

SACRAMENTO CITY CLIMATE DATA FOR THURSDAY APRIL 19 2018

HIGH...   73  RECORD HIGH    91 IN 1939    NORMAL    HIGH   74
LOW....   40  RECORD LOW     39 IN 1933    NORMAL    LOW    49

RAIN SINCE MIDNIGHT....  0.00   RECORD THIS DATE.......    1 IN 1988
TOTAL THIS MONTH.......  2.45   NORMAL SINCE OCT 1ST.........  18.54
TOTAL SINCE OCT 1ST... 16.27   PERCENT OF NORMAL.............  88%


$$
NNNN
