000
CDUS46 KSGX 241125
CLISAN


CLIMATE REPORT
NATIONAL WEATHER SERVICE SAN DIEGO, CA
424 AM PDT THU MAY 24 2018


...................................

...THE SAN DIEGO INTL AIRPORT CA CLIMATE SUMMARY FOR MAY 23 2018...

CLIMATE NORMAL PERIOD 1981 TO 2010
CLIMATE RECORD PERIOD 1874 TO 2018


WEATHER ITEM   OBSERVED TIME   RECORD YEAR NORMAL DEPARTURE LAST
                VALUE   (LST)  VALUE       VALUE  FROM      YEAR
                                                  NORMAL
..................................................................
TEMPERATURE (F)
 YESTERDAY
  MAXIMUM         67    125 PM  82    1932  69     -2       73
  MINIMUM         61   1159 PM  48    1879  60      1       62
  AVERAGE         64                        64      0       68

PRECIPITATION (IN)
  YESTERDAY        0.00          0.17 1882   0.01  -0.01     0.00
  MONTH TO DATE    0.12                      0.10   0.02     0.92
  SINCE OCT 1      3.32                     10.05  -6.73    12.63
  SINCE JAN 1      3.23                      6.94  -3.71     7.73

DEGREE DAYS
 HEATING
  YESTERDAY        1                         2     -1        0
  MONTH TO DATE   43                        48     -5       34
  SINCE MAR 1    224                       339   -115      129
  SINCE JUL 1    675                      1197   -522      721

 COOLING
  YESTERDAY        0                         1     -1        3
  MONTH TO DATE    9                        23    -14       41
  SINCE MAR 1     33                        42     -9       87
  SINCE JAN 1     50                        47      3       87
..................................................................


WIND (MPH)
  RESULTANT WIND SPEED   4   RESULTANT WIND DIRECTION   W (260)
  HIGHEST WIND SPEED    13   HIGHEST WIND DIRECTION    NW (320)
  HIGHEST GUST SPEED    17   HIGHEST GUST DIRECTION    NW (300)
  AVERAGE WIND SPEED     7.4


SKY COVER
  POSSIBLE SUNSHINE  MM
  AVERAGE SKY COVER 0.9


WEATHER CONDITIONS
 THE FOLLOWING WEATHER WAS RECORDED YESTERDAY.
  NO SIGNIFICANT WEATHER WAS OBSERVED.


RELATIVE HUMIDITY (PERCENT)
 HIGHEST    78          1200 AM
 LOWEST     63           300 PM
 AVERAGE    71

..........................................................


THE SAN DIEGO INTL AIRPORT CA CLIMATE NORMALS FOR TODAY
                         NORMAL    RECORD    YEAR
 MAXIMUM TEMPERATURE (F)   69        95      1896
 MINIMUM TEMPERATURE (F)   60        48      1879


SUNRISE AND SUNSET
MAY 24 2018...........SUNRISE   545 AM PDT   SUNSET   747 PM PDT
MAY 25 2018...........SUNRISE   544 AM PDT   SUNSET   747 PM PDT


-  INDICATES NEGATIVE NUMBERS.
R  INDICATES RECORD WAS SET OR TIED.
MM INDICATES DATA IS MISSING.
T  INDICATES TRACE AMOUNT.




$$
