000
CDUS44 KEWX 222222
CLISAT


CLIMATE REPORT
NATIONAL WEATHER SERVICE AUSTIN/SAN ANTONIO, TX
521 PM CDT SUN APR 22 2018


...................................

...THE SAN ANTONIO CLIMATE SUMMARY FOR APRIL 22 2018...
VALID TODAY AS OF 520 PM LOCAL TIME.

CLIMATE NORMAL PERIOD 1981 TO 2010
CLIMATE RECORD PERIOD 1886 TO 2018


WEATHER ITEM   OBSERVED TIME   RECORD YEAR NORMAL DEPARTURE LAST
                VALUE   (LST)  VALUE       VALUE  FROM      YEAR
                                                  NORMAL
..................................................................
TEMPERATURE (F)
 TODAY
  MAXIMUM         80    359 PM  96    2009  82     -2       72
                                      1963
  MINIMUM         53    631 AM  43    1993  60     -7       60
                                      1931
  AVERAGE         67                        71     -4       66

PRECIPITATION (IN)
  TODAY            0.00          2.07 1978   0.08  -0.08      T
  MONTH TO DATE    0.02                      1.41  -1.39     2.76
  SINCE MAR 1      4.04                      3.72   0.32     4.85
  SINCE JAN 1      6.23                      7.27  -1.04    11.18

SNOWFALL (IN)
  TODAY            0.0
  MONTH TO DATE    0.0
  SINCE MAR 1      T
  SINCE JUL 1      1.9
  SNOW DEPTH       0

DEGREE DAYS
 HEATING
  TODAY            0                         1     -1        0
  MONTH TO DATE   37                        37      0        7
  SINCE MAR 1     87                       191   -104       58
  SINCE JUL 1   1303                      1492   -189      776

 COOLING
  TODAY            2                         7     -5        1
  MONTH TO DATE   96                       109    -13      143
  SINCE MAR 1    218                       174     44      277
  SINCE JAN 1    264                       200     64      377
..................................................................


WIND (MPH)
  HIGHEST WIND SPEED    18   HIGHEST WIND DIRECTION     N (10)
  HIGHEST GUST SPEED    25   HIGHEST GUST DIRECTION     N (360)
  AVERAGE WIND SPEED    10.0


SKY COVER
  AVERAGE SKY COVER 0.2


WEATHER CONDITIONS
 THE FOLLOWING WEATHER WAS RECORDED TODAY.
  NO SIGNIFICANT WEATHER WAS OBSERVED.


RELATIVE HUMIDITY (PERCENT)
 HIGHEST    77           600 AM
 LOWEST     28           400 PM
 AVERAGE    53

..........................................................


THE SAN ANTONIO CLIMATE NORMALS FOR TOMORROW
                         NORMAL    RECORD    YEAR
 MAXIMUM TEMPERATURE (F)   82        98      2000
 MINIMUM TEMPERATURE (F)   60        45      1982
                                             1959


SUNRISE AND SUNSET
APRIL 22 2018.........SUNRISE   700 AM CDT   SUNSET   805 PM CDT
APRIL 23 2018.........SUNRISE   659 AM CDT   SUNSET   806 PM CDT


-  INDICATES NEGATIVE NUMBERS.
R  INDICATES RECORD WAS SET OR TIED.
MM INDICATES DATA IS MISSING.
T  INDICATES TRACE AMOUNT.




$$
