000
CDUS42 KCHS 202109
CLISAV


CLIMATE REPORT
NATIONAL WEATHER SERVICE CHARLESTON SC
508 PM EDT SUN MAY 20 2018


...................................

...THE SAVANNAH GA CLIMATE SUMMARY FOR MAY 20 2018...
VALID TODAY AS OF 0500 PM LOCAL TIME.

CLIMATE NORMAL PERIOD 1981 TO 2010
CLIMATE RECORD PERIOD 1871 TO 2018


WEATHER ITEM   OBSERVED TIME   RECORD YEAR NORMAL DEPARTURE LAST
                VALUE   (LST)  VALUE       VALUE  FROM      YEAR
                                                  NORMAL
..................................................................
TEMPERATURE (F)
 TODAY
  MAXIMUM         81   1234 PM  96    2006  86     -5       91
  MINIMUM         73    607 AM  44    1894  63     10       71
  AVERAGE         77                        74      3       81

PRECIPITATION (IN)
  TODAY            T             3.27 1959   0.09  -0.09     0.00
  MONTH TO DATE    1.23                      1.69  -0.46     2.68
  SINCE MAR 1      6.78                      8.49  -1.71     6.06
  SINCE JAN 1      9.61                     14.97  -5.36    14.89

DEGREE DAYS
 HEATING
  TODAY            0                         0      0        0
  MONTH TO DATE    0                         6     -6        1
  SINCE MAR 1    332                       292     40      213
  SINCE JUL 1   1607                      1809   -202     1023

 COOLING
  TODAY           12                        10      2       16
  MONTH TO DATE  201                       146     55      186
  SINCE MAR 1    306                       272     34      468
  SINCE JAN 1    388                       282    106      526
..................................................................


WIND (MPH)
  HIGHEST WIND SPEED    12   HIGHEST WIND DIRECTION     S (180)
  HIGHEST GUST SPEED    14   HIGHEST GUST DIRECTION     S (180)
  AVERAGE WIND SPEED     5.5


SKY COVER
  POSSIBLE SUNSHINE  MM
  AVERAGE SKY COVER 0.7


WEATHER CONDITIONS
 THE FOLLOWING WEATHER WAS RECORDED TODAY.
  LIGHT RAIN


RELATIVE HUMIDITY (PERCENT)
 HIGHEST    93           200 AM
 LOWEST     67          1200 PM
 AVERAGE    80

..........................................................


THE SAVANNAH GA CLIMATE NORMALS FOR TOMORROW
                         NORMAL    RECORD    YEAR
 MAXIMUM TEMPERATURE (F)   86        98      1962
                                             1938
 MINIMUM TEMPERATURE (F)   64        46      2002


SUNRISE AND SUNSET
MAY 20 2018...........SUNRISE   624 AM EDT   SUNSET   819 PM EDT
MAY 21 2018...........SUNRISE   624 AM EDT   SUNSET   820 PM EDT


-  INDICATES NEGATIVE NUMBERS.
R  INDICATES RECORD WAS SET OR TIED.
MM INDICATES DATA IS MISSING.
T  INDICATES TRACE AMOUNT.




$$
