000
CDUS46 KLOX 260908
CLISDB


CLIMATE REPORT
NATIONAL WEATHER SERVICE LOS ANGELES/OXNARD CA
208 AM PDT SAT MAY 26 2018


...................................

...THE SANDBERG CA CLIMATE SUMMARY FOR MAY 25 2018...

CLIMATE NORMAL PERIOD 1981 TO 2010
CLIMATE RECORD PERIOD 1934 TO 2018


WEATHER ITEM   OBSERVED TIME   RECORD YEAR NORMAL DEPARTURE LAST
                VALUE   (LST)  VALUE       VALUE  FROM      YEAR
                                                  NORMAL
..................................................................
TEMPERATURE (F)
 YESTERDAY
  MAXIMUM         52    356 PM  94    1951  70    -18       62
  MINIMUM         42    501 AM  32    1953  51     -9       45
  AVERAGE         47                        60    -13       54

PRECIPITATION (IN)
  YESTERDAY        0.00          0.38 1941   0.01  -0.01      T
  MONTH TO DATE    0.25                      0.37  -0.12     0.02
  SINCE OCT 1      6.92                     12.01  -5.09    12.78
  SINCE JAN 1      6.87                      8.38  -1.51     8.94

DEGREE DAYS
 HEATING
  YESTERDAY       18                         6     12       11
  MONTH TO DATE  219                       218      1      169
  SINCE MAR 1   1149                      1234    -85      773
  SINCE JUL 1   2748                      3993  -1245     3030

 COOLING
  YESTERDAY        0                         2     -2        0
  MONTH TO DATE   12                        26    -14       96
  SINCE MAR 1     14                        34    -20      117
  SINCE JAN 1     16                        34    -18      117
..................................................................


WIND (MPH)
  HIGHEST WIND SPEED    25   HIGHEST WIND DIRECTION    NW (330)
  HIGHEST GUST SPEED    33   HIGHEST GUST DIRECTION     N (340)
  AVERAGE WIND SPEED    11.7


SKY COVER
  POSSIBLE SUNSHINE  MM
  AVERAGE SKY COVER 1.0


WEATHER CONDITIONS
 THE FOLLOWING WEATHER WAS RECORDED YESTERDAY.
  FOG
  FOG W/VISIBILITY <= 1/4 MILE


RELATIVE HUMIDITY (PERCENT)
 HIGHEST   100          1200 AM
 LOWEST     71           400 PM
 AVERAGE    86

..........................................................


THE SANDBERG CA CLIMATE NORMALS FOR TODAY
                         NORMAL    RECORD    YEAR
 MAXIMUM TEMPERATURE (F)   70        90      1974
 MINIMUM TEMPERATURE (F)   51        30      1953


SUNRISE AND SUNSET
MAY 26 2018...........SUNRISE   545 AM PDT   SUNSET   759 PM PDT
MAY 27 2018...........SUNRISE   545 AM PDT   SUNSET   800 PM PDT


-  INDICATES NEGATIVE NUMBERS.
R  INDICATES RECORD WAS SET OR TIED.
MM INDICATES DATA IS MISSING.
T  INDICATES TRACE AMOUNT.




$$
