503
CDUS46 KOTX 240841
CLISFF


CLIMATE REPORT
NATIONAL WEATHER SERVICE SPOKANE, WA
140 AM PDT THU MAY 24 2018


...................................

...THE SPOKANE WA FELTS AIRPORT CLIMATE SUMMARY FOR MAY 23 2018...

CLIMATE NORMAL PERIOD 1981 TO 2010
CLIMATE RECORD PERIOD 9999 TO 9999


WEATHER ITEM   OBSERVED TIME   RECORD YEAR NORMAL DEPARTURE LAST
                VALUE   (LST)  VALUE       VALUE  FROM      YEAR
                                                  NORMAL
..................................................................
TEMPERATURE (F)
 YESTERDAY
  MAXIMUM         87   1253 PM  MM      MM  69     18       85
  MINIMUM         53    407 AM  MM      MM  44      9       52
  AVERAGE         70                        57     13       69

PRECIPITATION (IN)
  YESTERDAY        0.05         MM      MM   0.06  -0.01     0.00
  MONTH TO DATE    0.76                      1.22  -0.46     1.40
  SINCE OCT 1     15.33                     13.56   1.77    21.00
  SINCE JAN 1      8.43                      7.36   1.07    11.91

SNOWFALL (IN)
  YESTERDAY       MM

DEGREE DAYS
 HEATING
  YESTERDAY        0                         8     -8        0
  MONTH TO DATE   87                       260   -173      229
  SINCE MAR 1   1343                      1544   -201     1424
  SINCE JUL 1   5660                      6115   -455     6020

 COOLING
  YESTERDAY        5                         0      5        4
  MONTH TO DATE   20                         0     20        7
  SINCE MAR 1     20                         0     20        7
  SINCE JAN 1     20                         0     20        7
..................................................................


WIND (MPH)
  HIGHEST WIND SPEED    21   HIGHEST WIND DIRECTION     N (340)
  HIGHEST GUST SPEED    27   HIGHEST GUST DIRECTION     N (350)
  AVERAGE WIND SPEED     3.9


SKY COVER
  POSSIBLE SUNSHINE  MM
  AVERAGE SKY COVER 0.4


WEATHER CONDITIONS
 THE FOLLOWING WEATHER WAS RECORDED YESTERDAY.
  THUNDERSTORM
  LIGHT RAIN


RELATIVE HUMIDITY (PERCENT)
 HIGHEST    89           400 AM
 LOWEST     21           100 PM
 AVERAGE    55

..........................................................


THE SPOKANE WA FELTS AIRPORT CLIMATE NORMALS FOR TODAY
                         NORMAL    RECORD    YEAR
 MAXIMUM TEMPERATURE (F)   70        MM        MM
 MINIMUM TEMPERATURE (F)   45        MM        MM


SUNRISE AND SUNSET
MAY 24 2018...........SUNRISE   502 AM PDT   SUNSET   831 PM PDT
MAY 25 2018...........SUNRISE   501 AM PDT   SUNSET   832 PM PDT


-  INDICATES NEGATIVE NUMBERS.
R  INDICATES RECORD WAS SET OR TIED.
MM INDICATES DATA IS MISSING.
T  INDICATES TRACE AMOUNT.




$$
