000
CDUS45 KBYZ 230721
CLISHR


CLIMATE REPORT
NATIONAL WEATHER SERVICE BILLINGS MT
121 AM MDT WED MAY 23 2018


...................................

...THE SHERIDAN WY CLIMATE SUMMARY FOR MAY 22 2018...

CLIMATE NORMAL PERIOD 1981 TO 2010
CLIMATE RECORD PERIOD 1907 TO 2018


WEATHER ITEM   OBSERVED TIME   RECORD YEAR NORMAL DEPARTURE LAST
                VALUE   (LST)  VALUE       VALUE  FROM      YEAR
                                                  NORMAL
..................................................................
TEMPERATURE (F)
 YESTERDAY
  MAXIMUM         74    111 PM  91    2006  68      6       61
  MINIMUM         44    457 AM  28    1915  40      4       39
  AVERAGE         59                        54      5       50

PRECIPITATION (IN)
  YESTERDAY        0.07          1.76 2008   0.07   0.00     0.08
  MONTH TO DATE    1.48                      1.67  -0.19     2.18
  SINCE OCT 1      9.96                      8.03   1.93    15.64
  SINCE JAN 1      6.97                      5.35   1.62    11.91

DEGREE DAYS
 HEATING
  YESTERDAY        6                        11     -5       15
  MONTH TO DATE  218                       306    -88      269
  SINCE MAR 1   1926                      1872     54     1615
  SINCE JUL 1   7666                      7407    259     7137

 COOLING
  YESTERDAY        0                         0      0        0
  MONTH TO DATE    0                         0      0        0
  SINCE MAR 1      0                         0      0        0
  SINCE JAN 1      0                         0      0        0
..................................................................


WIND (MPH)
  HIGHEST WIND SPEED    22   HIGHEST WIND DIRECTION     S (170)
  HIGHEST GUST SPEED    27   HIGHEST GUST DIRECTION     S (170)
  AVERAGE WIND SPEED     4.1


SKY COVER
  POSSIBLE SUNSHINE  MM
  AVERAGE SKY COVER 0.2


WEATHER CONDITIONS
 THE FOLLOWING WEATHER WAS RECORDED YESTERDAY.
  THUNDERSTORM
  LIGHT RAIN
  FOG


RELATIVE HUMIDITY (PERCENT)
 HIGHEST    93           200 AM
 LOWEST     49           200 PM
 AVERAGE    71

..........................................................


THE SHERIDAN WY CLIMATE NORMALS FOR TODAY
                         NORMAL    RECORD    YEAR
 MAXIMUM TEMPERATURE (F)   69        88      1951
 MINIMUM TEMPERATURE (F)   40        27      1966


SUNRISE AND SUNSET
MAY 23 2018...........SUNRISE   532 AM MDT   SUNSET   838 PM MDT
MAY 24 2018...........SUNRISE   531 AM MDT   SUNSET   839 PM MDT


-  INDICATES NEGATIVE NUMBERS.
R  INDICATES RECORD WAS SET OR TIED.
MM INDICATES DATA IS MISSING.
T  INDICATES TRACE AMOUNT.




$$
