000
CDUS45 KSLC 201228
CLISLC


CLIMATE REPORT
NATIONAL WEATHER SERVICE SALT LAKE CITY UT
628 AM MDT FRI APR 20 2018


...................................

...THE SALT LAKE CITY UT CLIMATE SUMMARY FOR APRIL 19 2018...

CLIMATE NORMAL PERIOD 1981 TO 2010
CLIMATE RECORD PERIOD 1874 TO 2018


WEATHER ITEM   OBSERVED TIME   RECORD YEAR NORMAL DEPARTURE LAST
                VALUE   (LST)  VALUE       VALUE  FROM      YEAR
                                                  NORMAL
..................................................................
TEMPERATURE (F)
 YESTERDAY
  MAXIMUM         69    235 PM  85    1962  62      7       62
  MINIMUM         45    245 AM  24    1982  40      5       45
  AVERAGE         57                        51      6       54

PRECIPITATION (IN)
  YESTERDAY        0.00          0.95 1984   0.07  -0.07     0.02
  MONTH TO DATE    1.18                      1.25  -0.07     1.89
  SINCE OCT 1      7.77                      9.92  -2.15    13.70
  SINCE JAN 1      5.64                      5.54   0.10     9.06

SNOWFALL (IN)
  YESTERDAY        0.0           2.1  1987   0.1   -0.1      0.0
  MONTH TO DATE    1.4                       3.1   -1.7      1.0
  SINCE OCT 1     43.5                      55.0  -11.5     51.3
  SINCE JUL 1     43.5                      55.0  -11.5     51.3
  SNOW DEPTH       0

DEGREE DAYS
 HEATING
  YESTERDAY        8                        14     -6       11
  MONTH TO DATE  240                       303    -63      254
  SINCE MAR 1    806                       965   -159      710
  SINCE JUL 1   4342                      5221   -879     4463

 COOLING
  YESTERDAY        0                         0      0        0
  MONTH TO DATE    0                         0      0        0
  SINCE MAR 1      0                         0      0        2
  SINCE JAN 1      0                         0      0        2
..................................................................


WIND (MPH)
  RESULTANT WIND SPEED   2   RESULTANT WIND DIRECTION   S (180)
  HIGHEST WIND SPEED    22   HIGHEST WIND DIRECTION    NW (320)
  HIGHEST GUST SPEED    26   HIGHEST GUST DIRECTION    NW (320)
  AVERAGE WIND SPEED     9.2


SKY COVER
  POSSIBLE SUNSHINE  MM
  AVERAGE SKY COVER 0.1


WEATHER CONDITIONS
 THE FOLLOWING WEATHER WAS RECORDED YESTERDAY.
  NO SIGNIFICANT WEATHER WAS OBSERVED.


RELATIVE HUMIDITY (PERCENT)
 HIGHEST    53          1200 AM
 LOWEST     11           200 PM
 AVERAGE    32

..........................................................


THE SALT LAKE CITY UT CLIMATE NORMALS FOR TODAY
                         NORMAL    RECORD    YEAR
 MAXIMUM TEMPERATURE (F)   63        85      1989
                                             1980
 MINIMUM TEMPERATURE (F)   40        24      1982


SUNRISE AND SUNSET
APRIL 20 2018.........SUNRISE   641 AM MDT   SUNSET   813 PM MDT
APRIL 21 2018.........SUNRISE   640 AM MDT   SUNSET   814 PM MDT


-  INDICATES NEGATIVE NUMBERS.
R  INDICATES RECORD WAS SET OR TIED.
MM INDICATES DATA IS MISSING.
T  INDICATES TRACE AMOUNT.




$$
