915
CDUS46 KLOX 270121
CLISMX


CLIMATE REPORT
NATIONAL WEATHER SERVICE LOS ANGELES/OXNARD CA
621 PM PDT THU APR 26 2018


...................................

...THE SANTA MARIA AIRPORT CA CLIMATE SUMMARY FOR APRIL 26 2018...
VALID TODAY AS OF 0500 PM LOCAL TIME.

CLIMATE NORMAL PERIOD 1981 TO 2010
CLIMATE RECORD PERIOD 1906 TO 2018


WEATHER ITEM   OBSERVED TIME   RECORD YEAR NORMAL DEPARTURE LAST
                VALUE   (LST)  VALUE       VALUE  FROM      YEAR
                                                  NORMAL
..................................................................
TEMPERATURE (F)
 TODAY
  MAXIMUM         67   1245 PM 100    2004  68     -1       69
  MINIMUM         49    106 AM  33    1984  45      4       50
                                      1975
  AVERAGE         58                        56      2       60

PRECIPITATION (IN)
  TODAY            0.00          1.28 1960   0.02  -0.02     0.00
  MONTH TO DATE    0.41                      0.90  -0.49     1.18
  SINCE OCT 1      6.01                     13.33  -7.32    18.10
  SINCE JAN 1      5.89                      9.28  -3.39    13.30

SNOWFALL (IN)
  TODAY            0.0
  MONTH TO DATE    0.0
  SINCE MAR 1      0.0
  SINCE JUL 1      0.0

DEGREE DAYS
 HEATING
  TODAY            7                         9     -2
  MONTH TO DATE  170                       250    -80
  SINCE MAR 1    479                       590   -111
  SINCE JUL 1   1595                      2423   -828

 COOLING
  TODAY            0                         0      0
  MONTH TO DATE    7                         0      7
  SINCE MAR 1      7                         1      6
  SINCE JAN 1      7                         2      5
..................................................................


WIND (MPH)
  HIGHEST WIND SPEED    15   HIGHEST WIND DIRECTION    NW (310)
  HIGHEST GUST SPEED    19   HIGHEST GUST DIRECTION    NW (320)
  AVERAGE WIND SPEED     5.0


SKY COVER
  POSSIBLE SUNSHINE  MM
  AVERAGE SKY COVER 0.7


WEATHER CONDITIONS
 THE FOLLOWING WEATHER WAS RECORDED TODAY.
  FOG


RELATIVE HUMIDITY (PERCENT)
 HIGHEST    96           500 AM
 LOWEST     58          1200 PM
 AVERAGE    77

..........................................................


THE SANTA MARIA AIRPORT CA CLIMATE NORMALS FOR TOMORROW
                         NORMAL    RECORD    YEAR
 MAXIMUM TEMPERATURE (F)   68       101      2004
 MINIMUM TEMPERATURE (F)   45        31      1984


SUNRISE AND SUNSET
APRIL 26 2018.........SUNRISE   616 AM PDT   SUNSET   743 PM PDT
APRIL 27 2018.........SUNRISE   615 AM PDT   SUNSET   744 PM PDT


-  INDICATES NEGATIVE NUMBERS.
R  INDICATES RECORD WAS SET OR TIED.
MM INDICATES DATA IS MISSING.
T  INDICATES TRACE AMOUNT.




$$
