903
CDAK48 PAFC 201251
CLISNP


CLIMATE REPORT
NATIONAL WEATHER SERVICE ANCHORAGE, AK
451 AM AKDT SUN MAY 20 2018


...................................

...THE SAINT PAUL ISLAND CLIMATE SUMMARY FOR MAY 19 2018...

CLIMATE NORMAL PERIOD 1981 TO 2010
CLIMATE RECORD PERIOD 1892 TO 2018


WEATHER ITEM   OBSERVED TIME   RECORD YEAR NORMAL DEPARTURE LAST
                VALUE   (LST)  VALUE       VALUE  FROM      YEAR
                                                  NORMAL
..................................................................
TEMPERATURE (F)
 YESTERDAY
  MAXIMUM         47    459 PM  48    2017  41      6       48
  MINIMUM         37    545 AM  24    1958  32      5       36
                                      1957
  AVERAGE         42                        37      5       42

PRECIPITATION (IN)
  YESTERDAY        0.03          0.42 2006   0.04  -0.01     0.00
  MONTH TO DATE    0.95                      0.70   0.25     1.18
  SINCE MAR 1      5.42                      2.85   2.57     2.35
  SINCE JAN 1      8.40                      5.73   2.67     5.44

SNOWFALL (IN)
  YESTERDAY        0.0          MM      MM   0.0    0.0      0.0
  MONTH TO DATE    T                         0.9   -0.9       T
  SINCE MAR 1      4.1                      14.6  -10.5      0.6
  SINCE JUL 1     14.6                      59.6  -45.0     48.8
  SNOW DEPTH       0

DEGREE DAYS
 HEATING
  YESTERDAY       23                        28     -5       23
  MONTH TO DATE  520                       570    -50      516
  SINCE MAR 1   2384                      2888   -504     2703
  SINCE JUL 1   8379                      9805  -1426     8578

 COOLING
  YESTERDAY        0                         0      0        0
  MONTH TO DATE    0                         0      0        0
  SINCE MAR 1      0                         0      0        0
  SINCE JAN 1      0                         0      0        0
..................................................................


WIND (MPH)
  RESULTANT WIND SPEED  11   RESULTANT WIND DIRECTION  NE (40)
  HIGHEST WIND SPEED    18   HIGHEST WIND DIRECTION     N (350)
  HIGHEST GUST SPEED    23   HIGHEST GUST DIRECTION     E (70)
  AVERAGE WIND SPEED    12.7



WEATHER CONDITIONS
 THE FOLLOWING WEATHER WAS RECORDED YESTERDAY.
  LIGHT RAIN
  FOG


RELATIVE HUMIDITY (PERCENT)
 HIGHEST   100
 LOWEST     82
 AVERAGE    91

..........................................................


THE SAINT PAUL ISLAND CLIMATE NORMALS FOR TODAY
                         NORMAL    RECORD    YEAR
 MAXIMUM TEMPERATURE (F)   41        46      2016
                                             2015
                                             2003
 MINIMUM TEMPERATURE (F)   33        23      1993
                                             1986


SUNRISE AND SUNSET
MAY 20 2018...........SUNRISE   652 AM AKDT  SUNSET  1144 PM AKDT
MAY 21 2018...........SUNRISE   650 AM AKDT  SUNSET  1146 PM AKDT


-  INDICATES NEGATIVE NUMBERS.
R  INDICATES RECORD WAS SET OR TIED.
MM INDICATES DATA IS MISSING.
T  INDICATES TRACE AMOUNT.




$$
