000
CDUS44 KBMX 220839
CLITCL


CLIMATE REPORT
NATIONAL WEATHER SERVICE BIRMINGHAM, AL
338 AM CDT SUN APR 22 2018


...................................

...THE TUSCALOOSA CLIMATE SUMMARY FOR APRIL 21 2018...

CLIMATE NORMAL PERIOD 1981 TO 2010
CLIMATE RECORD PERIOD 1948 TO 2018


WEATHER ITEM   OBSERVED TIME   RECORD YEAR NORMAL DEPARTURE LAST
                VALUE   (LST)  VALUE       VALUE  FROM      YEAR
                                                  NORMAL
..................................................................
TEMPERATURE (F)
 YESTERDAY
  MAXIMUM         78    242 PM  94    1987  77      1       87
  MINIMUM         44    501 AM  31    1953  52     -8       60
  AVERAGE         61                        65     -4       74

PRECIPITATION (IN)
  YESTERDAY        0.00          1.66 2006   0.13  -0.13     0.00
  MONTH TO DATE    4.62                      3.01   1.61     5.67
  SINCE MAR 1      8.44                      7.55   0.89     9.39
  SINCE JAN 1     20.24                     18.22   2.02    20.60

SNOWFALL (IN)
  YESTERDAY        0.0                       0.0    0.0
  MONTH TO DATE    0.0                       0.0    0.0
  SINCE MAR 1      0.0                       0.3   -0.3
  SINCE JUL 1      0.0                       0.7   -0.7

DEGREE DAYS
 HEATING
  YESTERDAY        4                         3      1
  MONTH TO DATE  123                       100     23
  SINCE MAR 1    398                       394      4
  SINCE JUL 1   2304                      2484   -180
..................................................................


WIND (MPH)
  HIGHEST WIND SPEED    15   HIGHEST WIND DIRECTION     E (90)
  HIGHEST GUST SPEED    21   HIGHEST GUST DIRECTION     E (100)
  AVERAGE WIND SPEED     5.8


SKY COVER
  AVERAGE SKY COVER 0.3


WEATHER CONDITIONS
 THE FOLLOWING WEATHER WAS RECORDED YESTERDAY.
  NO SIGNIFICANT WEATHER WAS OBSERVED.


RELATIVE HUMIDITY (PERCENT)
 HIGHEST    93           100 AM
 LOWEST     40           300 PM
 AVERAGE    67

..........................................................


THE TUSCALOOSA CLIMATE NORMALS FOR TODAY
                         NORMAL    RECORD    YEAR
 MAXIMUM TEMPERATURE (F)   78        88      1987
                                             1955
 MINIMUM TEMPERATURE (F)   52        34      1993


SUNRISE AND SUNSET
APRIL 22 2018.........SUNRISE   612 AM CDT   SUNSET   726 PM CDT
APRIL 23 2018.........SUNRISE   611 AM CDT   SUNSET   727 PM CDT


-  INDICATES NEGATIVE NUMBERS.
R  INDICATES RECORD WAS SET OR TIED.
MM INDICATES DATA IS MISSING.
T  INDICATES TRACE AMOUNT.




$$
