000
CDUS44 KJAN 232112
CLITVR


CLIMATE REPORT
NATIONAL WEATHER SERVICE JACKSON MS
410 PM CDT WED MAY 23 2018


...................................

...THE VICKSBURG CLIMATE SUMMARY FOR MAY 23 2018...
VALID TODAY AS OF 0400 PM LOCAL TIME.

CLIMATE NORMAL PERIOD 1981 TO 2010
CLIMATE RECORD PERIOD 1948 TO 2018


WEATHER ITEM   OBSERVED TIME   RECORD YEAR NORMAL DEPARTURE LAST
                VALUE   (LST)  VALUE       VALUE  FROM      YEAR
                                                  NORMAL
..................................................................
TEMPERATURE (F)
 TODAY
  MAXIMUM         93R   235 PM  93    2005  86      7       77
                                      1972
                                      1969
  MINIMUM         70    541 AM  51    2002  64      6       63
  AVERAGE         82                        75      7       70

PRECIPITATION (IN)
  TODAY            0.00          1.48 1955   0.16  -0.16     0.40
  MONTH TO DATE    0.65                      3.86  -3.21     4.41
  SINCE MAR 1     12.49                     13.86  -1.37    18.25
  SINCE JAN 1     25.90                     24.20   1.70    25.01

SNOWFALL (IN)
  TODAY            0.0

DEGREE DAYS
 HEATING
  TODAY            0                         0      0        0
  MONTH TO DATE    0                         9     -9       14
  SINCE MAR 1    319                       374    -55      213
  SINCE JUL 1   2205                      2350   -145     1489

 COOLING
  TODAY           17                        10      7        5
  MONTH TO DATE  277                       167    110      149
  SINCE MAR 1    356                       276     80      384
  SINCE JAN 1    413                       285    128      435
..................................................................


WIND (MPH)
  HIGHEST WIND SPEED     7   HIGHEST WIND DIRECTION     S (170)
  HIGHEST GUST SPEED    11   HIGHEST GUST DIRECTION     N (350)
  AVERAGE WIND SPEED     1.1


SKY COVER
  POSSIBLE SUNSHINE  MM
  AVERAGE SKY COVER 0.1


WEATHER CONDITIONS
 THE FOLLOWING WEATHER WAS RECORDED TODAY.
  FOG


RELATIVE HUMIDITY (PERCENT)
 HIGHEST   100          1200 AM
 LOWEST     56           100 PM
 AVERAGE    78

..........................................................


THE VICKSBURG CLIMATE NORMALS FOR TOMORROW
                         NORMAL    RECORD    YEAR
 MAXIMUM TEMPERATURE (F)   86        96      1969
 MINIMUM TEMPERATURE (F)   64        43      1951


SUNRISE AND SUNSET
MAY 23 2018...........SUNRISE   601 AM CDT   SUNSET   801 PM CDT
MAY 24 2018...........SUNRISE   601 AM CDT   SUNSET   801 PM CDT


-  INDICATES NEGATIVE NUMBERS.
R  INDICATES RECORD WAS SET OR TIED.
MM INDICATES DATA IS MISSING.
T  INDICATES TRACE AMOUNT.




$$
