453
CDUS46 KSEW 200828
CLIUIL


CLIMATE REPORT
NATIONAL WEATHER SERVICE SEATTLE WA
128 AM PDT SUN MAY 20 2018


...................................

...THE QUILLAYUTE WA AIRPORT CLIMATE SUMMARY FOR MAY 19 2018...

CLIMATE NORMAL PERIOD 1981 TO 2010
CLIMATE RECORD PERIOD 1966 TO 2018


WEATHER ITEM   OBSERVED TIME   RECORD YEAR NORMAL DEPARTURE LAST
                VALUE   (LST)  VALUE       VALUE  FROM      YEAR
                                                  NORMAL
..................................................................
TEMPERATURE (F)
 YESTERDAY
  MAXIMUM         62   1045 AM  86    1978  60      2       64
  MINIMUM         50    405 AM  33    1998  44      6       42
  AVERAGE         56                        52      4       53

PRECIPITATION (IN)
  YESTERDAY        0.01          1.99 1984   0.15  -0.14     0.00
  MONTH TO DATE    0.79                      3.30  -2.51     4.77
  SINCE OCT 1     87.49                     85.94   1.55   122.15
  SINCE JAN 1     49.27                     46.94   2.33    62.22

DEGREE DAYS
 HEATING
  YESTERDAY        9                        13     -4       12
  MONTH TO DATE  210                       278    -68      286
  SINCE MAR 1   1421                      1475    -54     1477
  SINCE JUL 1   5066                      5320   -254     5299

 COOLING
  YESTERDAY        0                         0      0        0
  MONTH TO DATE    0                         0      0        0
  SINCE MAR 1      0                         0      0        0
  SINCE JAN 1      0                         0      0        0
..................................................................


WIND (MPH)
  RESULTANT WIND SPEED   2   RESULTANT WIND DIRECTION   W (280)
  HIGHEST WIND SPEED    13   HIGHEST WIND DIRECTION    SW (240)
  HIGHEST GUST SPEED    15   HIGHEST GUST DIRECTION     W (260)
  AVERAGE WIND SPEED     2.8


SKY COVER
  AVERAGE SKY COVER 1.0


WEATHER CONDITIONS
 THE FOLLOWING WEATHER WAS RECORDED YESTERDAY.
  LIGHT RAIN
  FOG


RELATIVE HUMIDITY (PERCENT)
 HIGHEST    93           200 AM
 LOWEST     72          1100 AM
 AVERAGE    83

..........................................................


THE QUILLAYUTE WA AIRPORT CLIMATE NORMALS FOR TODAY
                         NORMAL    RECORD    YEAR
 MAXIMUM TEMPERATURE (F)   60        79      1972
 MINIMUM TEMPERATURE (F)   44        32      1975


SUNRISE AND SUNSET
MAY 20 2018...........SUNRISE   534 AM PDT   SUNSET   857 PM PDT
MAY 21 2018...........SUNRISE   532 AM PDT   SUNSET   858 PM PDT


-  INDICATES NEGATIVE NUMBERS.
R  INDICATES RECORD WAS SET OR TIED.
MM INDICATES DATA IS MISSING.
T  INDICATES TRACE AMOUNT.




$$
