000
CDUS43 KUNR 200845
CLIUNR


CLIMATE REPORT
NATIONAL WEATHER SERVICE RAPID CITY SD
241 AM MDT SUN MAY 20 2018


...................................

...THE EAST RAPID CITY SD CLIMATE SUMMARY FOR MAY 19 2018...

CLIMATE NORMAL PERIOD 1981 TO 2010
CLIMATE RECORD PERIOD 1888 TO 2018


WEATHER ITEM   OBSERVED RECORD YEAR NORMAL DEPARTURE LAST
                VALUE   VALUE       VALUE  FROM      YEAR
                                           NORMAL
...........................................................
TEMPERATURE (F)
 YESTERDAY
  MAXIMUM         51     93    2009  67    -16       44
  MINIMUM         39     28    1895  46     -7       35
  AVERAGE         45                 57    -12       40

PRECIPITATION (IN)
  YESTERDAY        0.03   2.19 2011   0.15  -0.12     0.14
  MONTH TO DATE    3.08               2.37   0.71     1.17
  SINCE MAR 1      6.34               5.46   0.88     3.60
  SINCE JAN 1      7.53               6.23   1.30     4.39

SNOWFALL (IN)
  YESTERDAY        0.0    T    2015   0.0    0.0      0.0
  MONTH TO DATE    0.0                1.8   -1.8      0.0
  SINCE MAR 1     34.3               22.4   11.9      6.0
  SINCE JUL 1     66.4               49.1   17.3     39.2
  SNOW DEPTH       0

DEGREE DAYS
 HEATING
  YESTERDAY       20                  9     11       25
  MONTH TO DATE  160                220    -60      173
  SINCE MAR 1   1867               1732    135     1486
  SINCE JUL 1   6969               6686    283     6082

 COOLING
  YESTERDAY        0                  1     -1        0
  MONTH TO DATE   14                  3     11       13
  SINCE MAR 1     14                  4     10       13
  SINCE JAN 1     14                  4     10       13
...........................................................


WIND (MPH)
  HIGHEST GUST SPEED    36   HIGHEST GUST DIRECTION     N (350)



WEATHER CONDITIONS
 THE FOLLOWING WEATHER WAS RECORDED YESTERDAY.
  LIGHT RAIN
  FOG


..........................................................


THE EAST RAPID CITY SD CLIMATE NORMALS FOR TODAY
                         NORMAL    RECORD    YEAR
 MAXIMUM TEMPERATURE (F)   68        90      1964
 MINIMUM TEMPERATURE (F)   46        30      1968


SUNRISE AND SUNSET
MAY 20 2018...........SUNRISE   521 AM MDT   SUNSET   818 PM MDT
MAY 21 2018...........SUNRISE   521 AM MDT   SUNSET   819 PM MDT


-  INDICATES NEGATIVE NUMBERS.
R  INDICATES RECORD WAS SET OR TIED.
MM INDICATES DATA IS MISSING.
T  INDICATES TRACE AMOUNT.




$$
